Last updated on 2024-03-28 01:54:00 CET.
Flavor | Version | Tinstall | Tcheck | Ttotal | Status | Flags |
---|---|---|---|---|---|---|
r-devel-linux-x86_64-debian-clang | 2.1.0 | 16.92 | 151.33 | 168.25 | NOTE | |
r-devel-linux-x86_64-debian-gcc | 2.1.0 | 14.96 | 113.00 | 127.96 | NOTE | |
r-devel-linux-x86_64-fedora-clang | 2.1.0 | 212.73 | NOTE | |||
r-devel-linux-x86_64-fedora-gcc | 2.1.0 | 206.41 | NOTE | |||
r-devel-windows-x86_64 | 2.1.0 | 18.00 | 127.00 | 145.00 | NOTE | |
r-patched-linux-x86_64 | 2.1.0 | 23.57 | 147.23 | 170.80 | OK | |
r-release-linux-x86_64 | 2.1.0 | 13.37 | 147.74 | 161.11 | OK | |
r-release-macos-arm64 | 2.1.0 | 56.00 | OK | |||
r-release-macos-x86_64 | 2.1.0 | 121.00 | OK | |||
r-release-windows-x86_64 | 2.1.0 | 23.00 | 158.00 | 181.00 | OK | |
r-oldrel-macos-arm64 | 2.1.0 | 55.00 | OK | |||
r-oldrel-windows-x86_64 | 2.1.0 | 24.00 | 153.00 | 177.00 | OK |
Version: 2.1.0
Check: Rd files
Result: NOTE
checkRd: (-1) write_workflow.Rd:8: Lost braces
8 | code{write_workflow} writes a workflow script for inference. Beyond possibly saving some typing, this suggests what may be a reasonably good starting workflow. One should not expect to control all options of the workflow through the \code{write_workflow} arguments.
| ^
Flavors: r-devel-linux-x86_64-debian-clang, r-devel-linux-x86_64-debian-gcc, r-devel-linux-x86_64-fedora-clang, r-devel-linux-x86_64-fedora-gcc, r-devel-windows-x86_64