Last updated on 2023-06-04 01:54:04 CEST.
Flavor | Version | Tinstall | Tcheck | Ttotal | Status | Flags |
---|---|---|---|---|---|---|
r-devel-linux-x86_64-debian-clang | 2.1.0 | 16.95 | 158.25 | 175.20 | OK | |
r-devel-linux-x86_64-debian-gcc | 2.1.0 | 16.95 | 116.99 | 133.94 | OK | |
r-devel-linux-x86_64-fedora-clang | 2.1.0 | 235.11 | OK | |||
r-devel-linux-x86_64-fedora-gcc | 2.1.0 | 225.66 | OK | |||
r-devel-windows-x86_64 | 2.1.0 | 18.00 | 130.00 | 148.00 | OK | |
r-patched-linux-x86_64 | 2.1.0 | OK | ||||
r-release-linux-x86_64 | 2.1.0 | 16.16 | 146.87 | 163.03 | OK | |
r-release-macos-arm64 | 2.1.0 | 56.00 | OK | |||
r-release-macos-x86_64 | 2.0.0 | 94.00 | NOTE | |||
r-release-windows-x86_64 | 2.1.0 | 24.00 | 156.00 | 180.00 | OK | |
r-oldrel-macos-arm64 | 2.1.0 | 55.00 | OK | |||
r-oldrel-macos-x86_64 | 2.1.0 | 78.00 | OK | |||
r-oldrel-windows-x86_64 | 2.1.0 | 24.00 | 153.00 | 177.00 | OK |
Version: 2.0.0
Check: package dependencies
Result: NOTE
Package suggested but not available for checking: ‘caret’
Flavor: r-release-macos-x86_64