Last updated on 2022-06-30 01:49:11 CEST.
Flavor | Version | Tinstall | Tcheck | Ttotal | Status | Flags |
---|---|---|---|---|---|---|
r-devel-linux-x86_64-debian-clang | 1.1.9 | 19.34 | 53.91 | 73.25 | NOTE | |
r-devel-linux-x86_64-debian-gcc | 1.1.9 | 18.23 | 40.40 | 58.63 | NOTE | |
r-devel-linux-x86_64-fedora-clang | 1.1.9 | 114.31 | NOTE | |||
r-devel-linux-x86_64-fedora-gcc | 1.1.9 | 102.73 | NOTE | |||
r-devel-windows-x86_64 | 1.1.9 | 61.00 | 98.00 | 159.00 | OK | |
r-patched-linux-x86_64 | 1.1.9 | 20.79 | 50.81 | 71.60 | NOTE | |
r-release-linux-x86_64 | 1.1.9 | 19.69 | 50.90 | 70.59 | NOTE | |
r-release-macos-arm64 | 1.1.9 | 38.00 | OK | |||
r-release-macos-x86_64 | 1.1.9 | 8.00 | ERROR | |||
r-release-windows-x86_64 | 1.1.9 | 44.00 | 100.00 | 144.00 | OK | |
r-oldrel-macos-arm64 | 1.1.9 | 56.00 | OK | |||
r-oldrel-macos-x86_64 | 1.1.9 | 60.00 | OK | |||
r-oldrel-windows-ix86+x86_64 | 1.1.9 | 55.00 | 123.00 | 178.00 | OK |
Version: 1.1.9
Check: for non-standard things in the check directory
Result: NOTE
Found the following files/directories:
'Error_Estimation_Response_1.tiff' 'Error_Estimation_Response_2.tiff'
'Error_Estimation_Response_3.tiff'
Flavors: r-devel-linux-x86_64-debian-clang, r-devel-linux-x86_64-debian-gcc, r-devel-linux-x86_64-fedora-clang, r-devel-linux-x86_64-fedora-gcc, r-patched-linux-x86_64, r-release-linux-x86_64
Version: 1.1.9
Check: package dependencies
Result: ERROR
Package required but not available: ‘MultivariateRandomForest’
See section ‘The DESCRIPTION file’ in the ‘Writing R Extensions’
manual.
Flavor: r-release-macos-x86_64