Last updated on 2024-08-16 01:48:21 CEST.
Flavor | Version | Tinstall | Tcheck | Ttotal | Status | Flags |
---|---|---|---|---|---|---|
r-devel-linux-x86_64-debian-clang | 0.9.2 | 34.72 | 454.91 | 489.63 | NOTE | |
r-devel-linux-x86_64-debian-gcc | 0.9.2 | 21.11 | 296.87 | 317.98 | NOTE | |
r-devel-linux-x86_64-fedora-clang | 0.9.2 | 757.97 | OK | |||
r-devel-linux-x86_64-fedora-gcc | 0.9.2 | 716.88 | OK | |||
r-devel-windows-x86_64 | 0.9.2 | 32.00 | 362.00 | 394.00 | NOTE | |
r-patched-linux-x86_64 | 0.9.2 | 35.31 | 418.44 | 453.75 | OK | |
r-release-linux-x86_64 | 0.9.2 | 31.82 | 418.49 | 450.31 | OK | |
r-release-macos-arm64 | 0.9.2 | 187.00 | OK | |||
r-release-macos-x86_64 | 0.9.2 | 301.00 | OK | |||
r-release-windows-x86_64 | 0.9.2 | 32.00 | 355.00 | 387.00 | OK | |
r-oldrel-macos-arm64 | 0.9.2 | 187.00 | OK | |||
r-oldrel-macos-x86_64 | 0.9.2 | 552.00 | OK | |||
r-oldrel-windows-x86_64 | 0.9.2 | 42.00 | 491.00 | 533.00 | OK |
Version: 0.9.2
Check: Rd cross-references
Result: NOTE
Found the following Rd file(s) with Rd \link{} targets missing package
anchors:
plots.Rd: terra
serialize.Rd: terra
Please provide package anchors for all Rd \link{} targets not in the
package itself and the base packages.
Flavors: r-devel-linux-x86_64-debian-clang, r-devel-linux-x86_64-debian-gcc, r-devel-windows-x86_64