Last updated on 2025-07-24 02:52:15 CEST.
Flavor | Version | Tinstall | Tcheck | Ttotal | Status | Flags |
---|---|---|---|---|---|---|
r-devel-linux-x86_64-debian-clang | 1.0.3 | 392.99 | 134.32 | 527.31 | NOTE | |
r-devel-linux-x86_64-debian-gcc | 1.0.3 | 317.66 | 125.40 | 443.06 | NOTE | |
r-devel-linux-x86_64-fedora-clang | 1.0.3 | 855.98 | OK | |||
r-devel-linux-x86_64-fedora-gcc | 1.0.3 | 982.87 | OK | |||
r-devel-windows-x86_64 | 1.0.3 | 384.00 | 180.00 | 564.00 | OK | |
r-patched-linux-x86_64 | 1.0.3 | 405.76 | 169.17 | 574.93 | OK | |
r-release-linux-x86_64 | 1.0.3 | 410.37 | 168.98 | 579.35 | OK | |
r-release-macos-arm64 | 1.0.3 | 217.00 | OK | |||
r-release-macos-x86_64 | 1.0.3 | 227.00 | OK | |||
r-release-windows-x86_64 | 1.0.3 | 390.00 | 179.00 | 569.00 | OK | |
r-oldrel-macos-arm64 | 1.0.3 | 221.00 | NOTE | |||
r-oldrel-macos-x86_64 | 1.0.3 | 199.00 | NOTE | |||
r-oldrel-windows-x86_64 | 1.0.3 | 453.00 | 213.00 | 666.00 | OK |
Version: 1.0.3
Check: CRAN incoming feasibility
Result: NOTE
Maintainer: ‘Shanpeng Li <lishanpeng0913@ucla.edu>’
The Description field contains
<arXiv:2301.06584>. The proposed method models the within-subject
Please refer to arXiv e-prints via their arXiv DOI <doi:10.48550/arXiv.YYMM.NNNNN>.
Flavors: r-devel-linux-x86_64-debian-clang, r-devel-linux-x86_64-debian-gcc
Version: 1.0.3
Check: installed package size
Result: NOTE
installed size is 40.0Mb
sub-directories of 1Mb or more:
libs 39.5Mb
Flavors: r-oldrel-macos-arm64, r-oldrel-macos-x86_64