Last updated on 2023-06-04 01:54:04 CEST.
Flavor | Version | Tinstall | Tcheck | Ttotal | Status | Flags |
---|---|---|---|---|---|---|
r-devel-linux-x86_64-debian-clang | 0.4-0 | 107.75 | 148.73 | 256.48 | OK | |
r-devel-linux-x86_64-debian-gcc | 0.4-0 | 77.67 | 109.83 | 187.50 | OK | |
r-devel-linux-x86_64-fedora-clang | 0.4-0 | 326.15 | OK | |||
r-devel-linux-x86_64-fedora-gcc | 0.4-0 | 343.51 | OK | |||
r-devel-windows-x86_64 | 0.4-0 | 71.00 | 133.00 | 204.00 | OK | |
r-patched-linux-x86_64 | 0.4-0 | OK | ||||
r-release-linux-x86_64 | 0.4-0 | 78.78 | 137.81 | 216.59 | OK | |
r-release-macos-arm64 | 0.4-0 | 90.00 | NOTE | |||
r-release-macos-x86_64 | 0.4-0 | 153.00 | NOTE | |||
r-release-windows-x86_64 | 0.4-0 | 91.00 | 167.00 | 258.00 | OK | |
r-oldrel-macos-arm64 | 0.4-0 | 71.00 | NOTE | |||
r-oldrel-macos-x86_64 | 0.4-0 | 104.00 | NOTE | |||
r-oldrel-windows-x86_64 | 0.4-0 | 88.00 | 159.00 | 247.00 | OK |
Version: 0.4-0
Check: installed package size
Result: NOTE
installed size is 10.4Mb
sub-directories of 1Mb or more:
libs 9.7Mb
Flavors: r-release-macos-arm64, r-release-macos-x86_64, r-oldrel-macos-arm64, r-oldrel-macos-x86_64