Last updated on 2025-02-01 01:50:37 CET.
Flavor | Version | Tinstall | Tcheck | Ttotal | Status | Flags |
---|---|---|---|---|---|---|
r-devel-linux-x86_64-debian-clang | 0.1.19 | 15.86 | 152.45 | 168.31 | NOTE | |
r-devel-linux-x86_64-debian-gcc | 0.1.19 | 11.42 | 107.00 | 118.42 | NOTE | |
r-devel-linux-x86_64-fedora-clang | 0.1.19 | 275.97 | OK | |||
r-devel-linux-x86_64-fedora-gcc | 0.1.19 | 314.24 | OK | |||
r-devel-windows-x86_64 | 0.1.19 | 16.00 | 176.00 | 192.00 | NOTE | |
r-patched-linux-x86_64 | 0.1.19 | 25.89 | 142.83 | 168.72 | OK | |
r-release-linux-x86_64 | 0.1.19 | 17.57 | 143.58 | 161.15 | OK | |
r-release-macos-arm64 | 0.1.19 | 84.00 | OK | |||
r-release-macos-x86_64 | 0.1.19 | 117.00 | NOTE | |||
r-release-windows-x86_64 | 0.1.19 | 18.00 | 174.00 | 192.00 | OK | |
r-oldrel-macos-arm64 | 0.1.19 | 93.00 | OK | |||
r-oldrel-macos-x86_64 | 0.1.19 | 209.00 | NOTE | |||
r-oldrel-windows-x86_64 | 0.1.19 | 25.00 | 213.00 | 238.00 | OK |
Version: 0.1.19
Check: Rd cross-references
Result: NOTE
Found the following Rd file(s) with Rd \link{} targets missing package
anchors:
SpATS.nogeno.Rd: SAP, PSANOVA, SpATS, controlSpATS
Please provide package anchors for all Rd \link{} targets not in the
package itself and the base packages.
Flavors: r-devel-linux-x86_64-debian-clang, r-devel-linux-x86_64-debian-gcc, r-devel-windows-x86_64
Version: 0.1.19
Check: installed package size
Result: NOTE
installed size is 5.6Mb
sub-directories of 1Mb or more:
data 5.1Mb
Flavors: r-release-macos-x86_64, r-oldrel-macos-x86_64