Last updated on 2024-04-18 01:55:20 CEST.
Flavor | Version | Tinstall | Tcheck | Ttotal | Status | Flags |
---|---|---|---|---|---|---|
r-devel-linux-x86_64-debian-clang | 2.23-22 | 5.01 | 29.27 | 34.28 | OK | |
r-devel-linux-x86_64-debian-gcc | 2.23-22 | 3.08 | 22.49 | 25.57 | OK | |
r-devel-linux-x86_64-fedora-clang | 2.23-22 | 44.77 | OK | |||
r-devel-linux-x86_64-fedora-gcc | 2.23-22 | 42.92 | OK | |||
r-prerel-macos-arm64 | 2.23-22 | 18.00 | OK | |||
r-prerel-windows-x86_64 | 2.23-22 | 11.00 | 47.00 | 58.00 | OK | |
r-patched-linux-x86_64 | 2.23-22 | 4.50 | 28.59 | 33.09 | OK | |
r-release-linux-x86_64 | 2.23-22 | 4.98 | 29.09 | 34.07 | OK | |
r-release-macos-arm64 | 2.23-22 | 32.00 | WARN | |||
r-release-macos-x86_64 | 2.23-22 | 46.00 | WARN | |||
r-release-windows-x86_64 | 2.23-22 | 12.00 | 49.00 | 61.00 | OK | |
r-oldrel-macos-arm64 | 2.23-22 | 35.00 | WARN | |||
r-oldrel-windows-x86_64 | 2.23-22 | 12.00 | 52.00 | 64.00 | WARN |
Version: 2.23-22
Check: for portable use of $(BLAS_LIBS) and $(LAPACK_LIBS)
Result: WARN
apparently using $(BLAS_LIBS) without following $(FLIBS) in ‘src/Makevars’
Flavors: r-release-macos-arm64, r-release-macos-x86_64, r-oldrel-macos-arm64, r-oldrel-windows-x86_64