Last updated on 2025-11-20 02:49:18 CET.
| Flavor | Version | Tinstall | Tcheck | Ttotal | Status | Flags |
|---|---|---|---|---|---|---|
| r-devel-linux-x86_64-debian-clang | 2.2.0 | 10.97 | 87.35 | 98.32 | NOTE | |
| r-devel-linux-x86_64-debian-gcc | 2.2.0 | 7.20 | 62.73 | 69.93 | NOTE | |
| r-devel-linux-x86_64-fedora-clang | 2.2.0 | 26.00 | 128.68 | 154.68 | OK | |
| r-devel-linux-x86_64-fedora-gcc | 2.2.0 | 39.00 | 114.69 | 153.69 | OK | |
| r-devel-windows-x86_64 | 2.2.0 | 14.00 | 97.00 | 111.00 | OK | |
| r-patched-linux-x86_64 | 2.2.0 | 9.99 | 82.78 | 92.77 | OK | |
| r-release-linux-x86_64 | 2.2.0 | 10.76 | 82.59 | 93.35 | OK | |
| r-release-macos-arm64 | 2.2.0 | OK | ||||
| r-release-macos-x86_64 | 2.2.0 | 9.00 | 69.00 | 78.00 | OK | |
| r-release-windows-x86_64 | 2.2.0 | 12.00 | 88.00 | 100.00 | OK | |
| r-oldrel-macos-arm64 | 2.2.0 | OK | ||||
| r-oldrel-macos-x86_64 | 2.2.0 | 6.00 | 47.00 | 53.00 | OK | |
| r-oldrel-windows-x86_64 | 2.2.0 | 18.00 | 115.00 | 133.00 | OK |
Version: 2.2.0
Check: CRAN incoming feasibility
Result: NOTE
Maintainer: ‘Antoine Godichon-Baggioni <antoine.godichon_baggioni@upmc.fr>’
The Description field contains
K-medians" <arXiv:2209.03597> Vardi, Y. and Zhang, C.-H. (2000). "The
Please refer to arXiv e-prints via their arXiv DOI <doi:10.48550/arXiv.YYMM.NNNNN>.
Flavors: r-devel-linux-x86_64-debian-clang, r-devel-linux-x86_64-debian-gcc