CRAN Package Check Results for Package LCAvarsel

Last updated on 2022-08-12 01:50:06 CEST.

Flavor Version Tinstall Tcheck Ttotal Status Flags
r-devel-linux-x86_64-debian-clang 1.1 3.62 38.17 41.79 NOTE
r-devel-linux-x86_64-debian-gcc 1.1 3.13 28.87 32.00 NOTE
r-devel-linux-x86_64-fedora-clang 1.1 60.02 NOTE
r-devel-linux-x86_64-fedora-gcc 1.1 59.08 NOTE
r-devel-windows-x86_64 1.1 15.00 65.00 80.00 NOTE
r-patched-linux-x86_64 1.1 7.18 36.51 43.69 NOTE
r-release-linux-x86_64 1.1 3.73 36.42 40.15 NOTE
r-release-macos-arm64 1.1 21.00 NOTE
r-release-macos-x86_64 1.1 27.00 NOTE
r-release-windows-x86_64 1.1 9.00 65.00 74.00 NOTE
r-oldrel-macos-arm64 1.1 25.00 NOTE
r-oldrel-macos-x86_64 1.1 35.00 NOTE
r-oldrel-windows-ix86+x86_64 1.1 9.00 57.00 66.00 NOTE

Check Details

Version: 1.1
Check: LazyData
Result: NOTE
     'LazyData' is specified without a 'data' directory
Flavors: r-devel-linux-x86_64-debian-clang, r-devel-linux-x86_64-debian-gcc, r-devel-linux-x86_64-fedora-clang, r-devel-linux-x86_64-fedora-gcc, r-devel-windows-x86_64, r-patched-linux-x86_64, r-release-linux-x86_64, r-release-macos-arm64, r-release-macos-x86_64, r-release-windows-x86_64, r-oldrel-macos-arm64, r-oldrel-macos-x86_64, r-oldrel-windows-ix86+x86_64

Version: 1.1
Check: dependencies in R code
Result: NOTE
    Namespace in Imports field not imported from: ‘doParallel’
     All declared Imports should be used.
Flavors: r-devel-linux-x86_64-fedora-clang, r-devel-linux-x86_64-fedora-gcc, r-release-macos-arm64, r-release-macos-x86_64, r-oldrel-macos-arm64, r-oldrel-macos-x86_64