Last updated on 2023-06-05 01:52:09 CEST.
Flavor | Version | Tinstall | Tcheck | Ttotal | Status | Flags |
---|---|---|---|---|---|---|
r-devel-linux-x86_64-debian-clang | 0.2.0 | 347.31 | 488.24 | 835.55 | NOTE | |
r-devel-linux-x86_64-debian-gcc | 0.2.0 | 288.07 | 391.28 | 679.35 | NOTE | |
r-devel-linux-x86_64-fedora-clang | 0.2.0 | 986.81 | NOTE | |||
r-devel-linux-x86_64-fedora-gcc | 0.2.0 | 1245.95 | NOTE | |||
r-devel-windows-x86_64 | 0.2.0 | 228.00 | 354.00 | 582.00 | NOTE | |
r-patched-linux-x86_64 | 0.2.0 | 313.88 | 480.87 | 794.75 | NOTE | |
r-release-linux-x86_64 | 0.2.0 | 237.27 | 499.39 | 736.66 | NOTE | |
r-release-macos-arm64 | 0.2.0 | 258.00 | NOTE | |||
r-release-macos-x86_64 | 0.2.0 | 466.00 | NOTE | |||
r-release-windows-x86_64 | 0.2.0 | 315.00 | 525.00 | 840.00 | NOTE | |
r-oldrel-macos-arm64 | 0.2.0 | 244.00 | NOTE | |||
r-oldrel-macos-x86_64 | 0.2.0 | 319.00 | NOTE | |||
r-oldrel-windows-x86_64 | 0.2.0 | 295.00 | 466.00 | 761.00 | NOTE |
Version: 0.2.0
Check: for GNU extensions in Makefiles
Result: NOTE
GNU make is a SystemRequirements.
Flavors: r-devel-linux-x86_64-debian-clang, r-devel-linux-x86_64-debian-gcc, r-devel-linux-x86_64-fedora-clang, r-devel-linux-x86_64-fedora-gcc, r-devel-windows-x86_64, r-patched-linux-x86_64, r-release-linux-x86_64, r-release-macos-arm64, r-release-macos-x86_64, r-release-windows-x86_64, r-oldrel-macos-arm64, r-oldrel-macos-x86_64, r-oldrel-windows-x86_64
Version: 0.2.0
Check: dependencies in R code
Result: NOTE
Namespaces in Imports field not imported from:
‘RcppParallel’ ‘rstantools’
All declared Imports should be used.
Flavors: r-devel-linux-x86_64-fedora-clang, r-devel-linux-x86_64-fedora-gcc, r-oldrel-macos-x86_64
Version: 0.2.0
Check: installed package size
Result: NOTE
installed size is 57.8Mb
sub-directories of 1Mb or more:
libs 56.8Mb
Flavors: r-release-macos-arm64, r-release-macos-x86_64, r-oldrel-macos-arm64, r-oldrel-macos-x86_64