Last updated on 2024-04-19 01:58:47 CEST.
Flavor | Version | Tinstall | Tcheck | Ttotal | Status | Flags |
---|---|---|---|---|---|---|
r-devel-linux-x86_64-debian-clang | 0.2.0 | 443.31 | 573.51 | 1016.82 | NOTE | |
r-devel-linux-x86_64-debian-gcc | 0.2.0 | 407.79 | 413.77 | 821.56 | NOTE | |
r-devel-linux-x86_64-fedora-clang | 0.2.0 | 1199.90 | NOTE | |||
r-devel-linux-x86_64-fedora-gcc | 0.2.0 | 1400.65 | NOTE | |||
r-prerel-macos-arm64 | 0.2.0 | 265.00 | NOTE | |||
r-prerel-windows-x86_64 | 0.2.0 | 326.00 | 389.00 | 715.00 | NOTE | |
r-patched-linux-x86_64 | 0.2.0 | 0.02 | 2.53 | 2.55 | ERROR | |
r-release-linux-x86_64 | 0.2.0 | 347.97 | 595.63 | 943.60 | NOTE | |
r-release-macos-arm64 | 0.2.0 | 258.00 | NOTE | |||
r-release-macos-x86_64 | 0.2.0 | 466.00 | NOTE | |||
r-release-windows-x86_64 | 0.2.0 | 432.00 | 539.00 | 971.00 | NOTE | |
r-oldrel-macos-arm64 | 0.2.0 | 244.00 | NOTE | |||
r-oldrel-windows-x86_64 | 0.2.0 | 413.00 | 513.00 | 926.00 | NOTE |
Version: 0.2.0
Check: for GNU extensions in Makefiles
Result: NOTE
GNU make is a SystemRequirements.
Flavors: r-devel-linux-x86_64-debian-clang, r-devel-linux-x86_64-debian-gcc, r-devel-linux-x86_64-fedora-clang, r-devel-linux-x86_64-fedora-gcc, r-prerel-macos-arm64, r-prerel-windows-x86_64, r-release-linux-x86_64, r-release-macos-arm64, r-release-macos-x86_64, r-release-windows-x86_64, r-oldrel-macos-arm64, r-oldrel-windows-x86_64
Version: 0.2.0
Check: installed package size
Result: NOTE
installed size is 5.5Mb
sub-directories of 1Mb or more:
libs 4.5Mb
Flavors: r-devel-linux-x86_64-fedora-clang, r-prerel-macos-arm64, r-release-macos-arm64, r-release-macos-x86_64, r-oldrel-macos-arm64
Version: 0.2.0
Check: dependencies in R code
Result: NOTE
Namespaces in Imports field not imported from:
‘RcppParallel’ ‘rstantools’
All declared Imports should be used.
Flavors: r-devel-linux-x86_64-fedora-clang, r-devel-linux-x86_64-fedora-gcc
Version: 0.2.0
Check: whether package can be installed
Result: ERROR
Installation failed.
Flavor: r-patched-linux-x86_64