Last updated on 2024-03-28 01:54:01 CET.
Flavor | Version | Tinstall | Tcheck | Ttotal | Status | Flags |
---|---|---|---|---|---|---|
r-devel-linux-x86_64-debian-clang | 0.4.0 | 46.98 | 78.65 | 125.63 | OK | |
r-devel-linux-x86_64-debian-gcc | 0.4.0 | 37.28 | 57.11 | 94.39 | OK | |
r-devel-linux-x86_64-fedora-clang | 0.4.0 | 177.80 | OK | |||
r-devel-linux-x86_64-fedora-gcc | 0.4.0 | 178.47 | OK | |||
r-devel-windows-x86_64 | 0.4.0 | 38.00 | 107.00 | 145.00 | ERROR | |
r-patched-linux-x86_64 | 0.4.0 | 33.36 | 73.59 | 106.95 | OK | |
r-release-linux-x86_64 | 0.4.0 | 33.61 | 73.26 | 106.87 | OK | |
r-release-macos-arm64 | 0.4.0 | 11.00 | ERROR | |||
r-release-macos-x86_64 | 0.4.0 | 10.00 | ERROR | |||
r-release-windows-x86_64 | 0.4.0 | 47.00 | 263.00 | 310.00 | OK | |
r-oldrel-macos-arm64 | 0.4.0 | 127.00 | NOTE | |||
r-oldrel-windows-x86_64 | 0.4.0 | 47.00 | 257.00 | 304.00 | OK |
Version: 0.4.0
Check: examples
Result: ERROR
Running examples in 'LOMAR-Ex.R' failed
The error most likely occurred in:
> ### Name: get_kernel_matrix
> ### Title: get_kernel_matrix
> ### Aliases: get_kernel_matrix
>
> ### ** Examples
>
> PS <- list(data.frame(x = c(2.4,-6.9,4.6,-0.7,-3.3,-4.9,-3.5,-3.5,4.2,-7),
+ y = c(5.7,1.9,4.8,3.4,-3,-2.1,7.2,1.8,6.1,-1.6),
+ z = c(2.7,-0.1,-0.7,-0.6,0.4,-1.5,-0.6,-0.9,2.2,0.7)),
+ data.frame(x = c(0,0,3.1,-5.6,-5,-7.4,-0.7,-7.7,-6.7,4,4.2,0.2,5.8,3.9,3.9),
+ y = c(6.3,-6.1,-3.5,4.6,-4.1,0.3,8.8,-2.3,2.9,3.7,-1.4,-3.9,5.5,-1.2,-6.7),
+ z = c(-1.5,1.7,-0.4,-1.4,1.8,1.7,-0.9,-1.8,-0.5,1.7,1.3,0.5,-1.4,1.6,-0.1)),
+ data.frame(x = c(-9.8,-5.2,12.5,2.5,4.5,1.3,-0.2,0.4,9.3,-1.4,0.5,-1.1,-7.7),
+ y = c(-4.2,1.5,-0.5,12,-3,-7.2,10.9,6.7,-1.3,10,6.7,-6.2,2.9),
+ z = c(3.4,-3.8,-1.4,1.8,3.5,2.5,2.6,-4.8,-3.8,3.9,4.1,-3.6,-4)))
> Dgs <- get_persistence_diagrams(point.sets = PS, maxdimension = 1, maxscale = 5, ncpu = 1)
> K <- get_kernel_matrix(Diag = Dgs, method = 'sWd', dimensions = c(0,1), M = 10, sigma = 5)
Flavor: r-devel-windows-x86_64
Version: 0.4.0
Check: tests
Result: ERROR
Running 'testthat.R' [24s]
Running the tests in 'tests/testthat.R' failed.
Complete output:
> library(testthat)
> suppressPackageStartupMessages(library(LOMAR))
>
> test_check("LOMAR")
Flavor: r-devel-windows-x86_64
Version: 0.4.0
Check: package dependencies
Result: ERROR
Package required but not available: ‘rhdf5’
See section ‘The DESCRIPTION file’ in the ‘Writing R Extensions’
manual.
Flavors: r-release-macos-arm64, r-release-macos-x86_64
Version: 0.4.0
Check: installed package size
Result: NOTE
installed size is 5.9Mb
sub-directories of 1Mb or more:
libs 4.9Mb
Flavor: r-oldrel-macos-arm64