Last updated on 2024-07-27 01:53:15 CEST.
Flavor | Version | Tinstall | Tcheck | Ttotal | Status | Flags |
---|---|---|---|---|---|---|
r-devel-linux-x86_64-debian-clang | 1.3.6 | 12.46 | 48.61 | 61.07 | OK | |
r-devel-linux-x86_64-debian-gcc | 1.3.6 | 10.26 | 37.76 | 48.02 | NOTE | |
r-devel-linux-x86_64-fedora-clang | 1.3.6 | 77.73 | OK | |||
r-devel-linux-x86_64-fedora-gcc | 1.3.6 | 78.11 | OK | |||
r-devel-windows-x86_64 | 1.3.6 | 17.00 | 64.00 | 81.00 | NOTE | |
r-patched-linux-x86_64 | 1.3.6 | OK | ||||
r-release-linux-x86_64 | 1.3.6 | 10.61 | 46.90 | 57.51 | OK | |
r-release-macos-arm64 | 1.3.6 | 26.00 | OK | |||
r-release-macos-x86_64 | 1.3.6 | 42.00 | OK | |||
r-release-windows-x86_64 | 1.3.6 | 15.00 | 62.00 | 77.00 | OK | |
r-oldrel-macos-arm64 | 1.3.6 | 26.00 | OK | |||
r-oldrel-macos-x86_64 | 1.3.6 | 46.00 | OK | |||
r-oldrel-windows-x86_64 | 1.3.6 | 16.00 | 69.00 | 85.00 | OK |
Version: 1.3.6
Check: Rd cross-references
Result: NOTE
Found the following Rd file(s) with Rd \link{} targets missing package
anchors:
AvBasis.wst2D.Rd: wst2D, wst2D.object
imwr.imwd.rd: imwd.object, filter.select, imwr
Please provide package anchors for all Rd \link{} targets not in the
package itself and the base packages.
Flavors: r-devel-linux-x86_64-debian-gcc, r-devel-windows-x86_64