Last updated on 2022-05-16 02:51:06 CEST.
Flavor | Version | Tinstall | Tcheck | Ttotal | Status | Flags |
---|---|---|---|---|---|---|
r-devel-linux-x86_64-debian-clang | 1.1.1 | 15.48 | 303.62 | 319.10 | OK | |
r-devel-linux-x86_64-debian-gcc | 1.1.1 | 10.99 | 219.98 | 230.97 | OK | |
r-devel-linux-x86_64-fedora-clang | 1.1.1 | 381.94 | NOTE | |||
r-devel-linux-x86_64-fedora-gcc | 1.1.1 | 411.30 | NOTE | |||
r-devel-windows-x86_64 | 1.1.1 | 26.00 | 283.00 | 309.00 | OK | |
r-patched-linux-x86_64 | 1.1.1 | 17.84 | 308.83 | 326.67 | OK | |
r-release-linux-x86_64 | 1.1.1 | 13.59 | 309.68 | 323.27 | OK | |
r-release-macos-arm64 | 1.1.1 | 103.00 | NOTE | |||
r-release-macos-x86_64 | 1.1.1 | 203.00 | NOTE | |||
r-release-windows-x86_64 | 1.1.1 | 27.00 | 281.00 | 308.00 | OK | |
r-oldrel-macos-arm64 | 1.1.1 | 118.00 | NOTE | |||
r-oldrel-macos-x86_64 | 1.1.1 | 138.00 | NOTE | |||
r-oldrel-windows-ix86+x86_64 | 1.1.1 | 32.00 | 311.00 | 343.00 | OK |
Version: 1.1.1
Check: data for non-ASCII characters
Result: NOTE
Note: found 2096 marked UTF-8 strings
Flavors: r-devel-linux-x86_64-fedora-clang, r-devel-linux-x86_64-fedora-gcc, r-release-macos-arm64, r-release-macos-x86_64, r-oldrel-macos-arm64, r-oldrel-macos-x86_64