Last updated on 2025-11-21 01:50:01 CET.
| Flavor | Version | Tinstall | Tcheck | Ttotal | Status | Flags |
|---|---|---|---|---|---|---|
| r-devel-linux-x86_64-debian-clang | 0.0.7 | 12.72 | 85.91 | 98.63 | NOTE | |
| r-devel-linux-x86_64-debian-gcc | 0.0.7 | 8.24 | 57.54 | 65.78 | NOTE | |
| r-devel-linux-x86_64-fedora-clang | 0.0.7 | 31.00 | 115.72 | 146.72 | NOTE | |
| r-devel-linux-x86_64-fedora-gcc | 0.0.7 | 45.00 | 100.92 | 145.92 | NOTE | |
| r-devel-windows-x86_64 | 0.0.7 | 19.00 | 86.00 | 105.00 | NOTE | |
| r-patched-linux-x86_64 | 0.0.7 | 13.04 | 75.26 | 88.30 | NOTE | |
| r-release-linux-x86_64 | 0.0.7 | 12.60 | 75.07 | 87.67 | NOTE | |
| r-release-macos-arm64 | 0.0.7 | NOTE | ||||
| r-release-macos-x86_64 | 0.0.7 | 10.00 | 60.00 | 70.00 | OK | |
| r-release-windows-x86_64 | 0.0.7 | 15.00 | 85.00 | 100.00 | NOTE | |
| r-oldrel-macos-arm64 | 0.0.7 | OK | ||||
| r-oldrel-macos-x86_64 | 0.0.7 | 8.00 | 53.00 | 61.00 | OK | |
| r-oldrel-windows-x86_64 | 0.0.7 | 20.00 | 109.00 | 129.00 | OK |
Version: 0.0.7
Check: DESCRIPTION meta-information
Result: NOTE
Missing dependency on R >= 4.1.0 because package code uses the pipe
|> or function shorthand \(...) syntax added in R 4.1.0.
File(s) using such syntax:
‘calculate_gaps_perc.Rd’ ‘get_cbh_metrics.Rd’ ‘get_cum_break.Rd’
‘get_depths.Rd’ ‘get_distance.Rd’ ‘get_effective_gap.Rd’
‘get_gaps_fbhs.Rd’ ‘get_layers_lad.Rd’ ‘get_real_depths.Rd’
‘get_real_fbh.Rd’
Flavors: r-devel-linux-x86_64-debian-clang, r-devel-linux-x86_64-debian-gcc, r-devel-linux-x86_64-fedora-clang, r-devel-linux-x86_64-fedora-gcc, r-devel-windows-x86_64, r-patched-linux-x86_64, r-release-linux-x86_64, r-release-macos-arm64, r-release-windows-x86_64