Last updated on 2022-08-20 01:50:01 CEST.
Flavor | Version | Tinstall | Tcheck | Ttotal | Status | Flags |
---|---|---|---|---|---|---|
r-devel-linux-x86_64-debian-clang | 0.6.7 | 67.90 | 171.20 | 239.10 | NOTE | |
r-devel-linux-x86_64-debian-gcc | 0.6.7 | 52.90 | 135.45 | 188.35 | NOTE | |
r-devel-linux-x86_64-fedora-clang | 0.6.7 | 690.88 | NOTE | |||
r-devel-linux-x86_64-fedora-gcc | 0.6.7 | 563.19 | NOTE | |||
r-devel-windows-x86_64 | 0.6.7 | 191.00 | 202.00 | 393.00 | NOTE | |
r-patched-linux-x86_64 | 0.6.7 | 58.39 | 156.69 | 215.08 | OK | |
r-release-linux-x86_64 | 0.6.7 | OK | ||||
r-release-macos-arm64 | 0.6.7 | 163.00 | OK | |||
r-release-macos-x86_64 | 0.6.7 | 523.00 | OK | |||
r-release-windows-x86_64 | 0.6.7 | 94.00 | 184.00 | 278.00 | OK | |
r-oldrel-macos-arm64 | 0.6.7 | 270.00 | OK | |||
r-oldrel-macos-x86_64 | 0.6.7 | 304.00 | OK | |||
r-oldrel-windows-ix86+x86_64 | 0.6.7 | 163.00 | 270.00 | 433.00 | OK |
Version: 0.6.7
Check: HTML version of manual
Result: NOTE
Found the following HTML validation problems:
Gaussianize.html:136:38: Warning: nested emphasis <code>
Gaussianize.html:140:38: Warning: nested emphasis <code>
Gaussianize.html:145:38: Warning: nested emphasis <code>
Flavors: r-devel-linux-x86_64-debian-clang, r-devel-linux-x86_64-debian-gcc, r-devel-linux-x86_64-fedora-clang, r-devel-linux-x86_64-fedora-gcc
Version: 0.6.7
Check: HTML version of manual
Result: NOTE
Found the following HTML validation problems:
Gaussianize.html:136:38: Warning: nested emphasis <code>
Gaussianize.html:140:38: Warning: nested emphasis <code>
Gaussianize.html:145:38: Warning: nested emphasis <code>
Flavor: r-devel-windows-x86_64