Last updated on 2025-05-01 01:49:35 CEST.
Flavor | Version | Tinstall | Tcheck | Ttotal | Status | Flags |
---|---|---|---|---|---|---|
r-devel-linux-x86_64-debian-clang | 1.1 | 17.95 | 64.72 | 82.67 | NOTE | |
r-devel-linux-x86_64-debian-gcc | 1.1 | 14.43 | 50.26 | 64.69 | OK | |
r-devel-linux-x86_64-fedora-clang | 1.1 | 137.75 | OK | |||
r-devel-linux-x86_64-fedora-gcc | 1.1 | 131.28 | OK | |||
r-devel-windows-x86_64 | 1.1 | 21.00 | 94.00 | 115.00 | OK | |
r-patched-linux-x86_64 | 1.1 | 20.35 | 63.05 | 83.40 | OK | |
r-release-linux-x86_64 | 1.1 | 18.69 | 62.94 | 81.63 | OK | |
r-release-macos-arm64 | 1.1 | 41.00 | OK | |||
r-release-macos-x86_64 | 1.1 | 85.00 | OK | |||
r-release-windows-x86_64 | 1.1 | 22.00 | 97.00 | 119.00 | OK | |
r-oldrel-macos-arm64 | 1.1 | 36.00 | OK | |||
r-oldrel-macos-x86_64 | 1.1 | 55.00 | OK | |||
r-oldrel-windows-x86_64 | 1.1 | 23.00 | 104.00 | 127.00 | OK |
Version: 1.1
Check: examples
Result: NOTE
Examples with CPU (user + system) or elapsed time > 5s
user system elapsed
cvLassoBT 8.038 0.016 10.082
Flavor: r-devel-linux-x86_64-debian-clang
Version: 1.1
Check: examples
Result: NA
user system elapsed
cvLassoBT 6.159 0.028 7.727
OK
Flavor: r-devel-linux-x86_64-debian-gcc