Last updated on 2025-05-05 01:50:51 CEST.
Flavor | Version | Tinstall | Tcheck | Ttotal | Status | Flags |
---|---|---|---|---|---|---|
r-devel-linux-x86_64-debian-clang | 1.0 | 31.79 | 108.93 | 140.72 | NOTE | |
r-devel-linux-x86_64-debian-gcc | 1.0 | 21.81 | 75.36 | 97.17 | NOTE | |
r-devel-linux-x86_64-fedora-clang | 1.0 | 225.56 | NOTE | |||
r-devel-linux-x86_64-fedora-gcc | 1.0 | 224.96 | NOTE | |||
r-devel-windows-x86_64 | 1.0 | 36.00 | 124.00 | 160.00 | NOTE | |
r-patched-linux-x86_64 | 1.0 | 27.99 | 103.39 | 131.38 | NOTE | |
r-release-linux-x86_64 | 1.0 | 31.26 | 101.27 | 132.53 | NOTE | |
r-release-macos-arm64 | 1.0 | 58.00 | NOTE | |||
r-release-macos-x86_64 | 1.0 | 103.00 | NOTE | |||
r-release-windows-x86_64 | 1.0 | 37.00 | 128.00 | 165.00 | NOTE | |
r-oldrel-macos-arm64 | 1.0 | 56.00 | NOTE | |||
r-oldrel-macos-x86_64 | 1.0 | 81.00 | NOTE | |||
r-oldrel-windows-x86_64 | 1.0 | 44.00 | 161.00 | 205.00 | NOTE |
Version: 1.0
Check: CRAN incoming feasibility
Result: NOTE
Maintainer: ‘Yaguang Li <liygcr7@gmail.com>’
No Authors@R field in DESCRIPTION.
Please add one, modifying
Authors@R: c(person(given = "Yaguang",
family = "Li",
role = c("aut", "cre"),
email = "liygcr7@gmail.com"),
person(given = "Xin",
family = "Gao",
role = "aut"),
person(given = "Wei",
family = "Xu",
role = "aut"))
as necessary.
Flavors: r-devel-linux-x86_64-debian-clang, r-devel-linux-x86_64-debian-gcc
Version: 1.0
Check: C++ specification
Result: NOTE
Specified C++11: please drop specification unless essential
Flavors: r-devel-linux-x86_64-debian-clang, r-devel-linux-x86_64-debian-gcc, r-devel-linux-x86_64-fedora-clang, r-devel-linux-x86_64-fedora-gcc, r-devel-windows-x86_64, r-patched-linux-x86_64, r-release-linux-x86_64, r-release-macos-arm64, r-release-macos-x86_64, r-release-windows-x86_64, r-oldrel-macos-arm64, r-oldrel-macos-x86_64, r-oldrel-windows-x86_64
Version: 1.0
Check: LazyData
Result: NOTE
'LazyData' is specified without a 'data' directory
Flavors: r-oldrel-macos-arm64, r-oldrel-macos-x86_64, r-oldrel-windows-x86_64