CRAN Package Check Results for Package LeArEst

Last updated on 2025-01-19 01:48:25 CET.

Flavor Version Tinstall Tcheck Ttotal Status Flags
r-devel-linux-x86_64-debian-clang 1.0.0 4.02 26.71 30.73 OK
r-devel-linux-x86_64-debian-gcc 1.0.0 3.11 20.49 23.60 OK
r-devel-linux-x86_64-fedora-clang 1.0.0 51.75 OK
r-devel-linux-x86_64-fedora-gcc 1.0.0 47.53 OK
r-devel-windows-x86_64 1.0.0 6.00 47.00 53.00 OK
r-patched-linux-x86_64 1.0.0 4.55 25.54 30.09 NOTE
r-release-linux-x86_64 1.0.0 4.74 25.47 30.21 NOTE
r-release-macos-arm64 1.0.0 19.00 NOTE
r-release-macos-x86_64 1.0.0 26.00 NOTE
r-release-windows-x86_64 1.0.0 6.00 47.00 53.00 NOTE
r-oldrel-macos-arm64 1.0.0 22.00 NOTE
r-oldrel-macos-x86_64 1.0.0 27.00 NOTE
r-oldrel-windows-x86_64 1.0.0 7.00 52.00 59.00 NOTE

Check Details

Version: 1.0.0
Check: LazyData
Result: NOTE 'LazyData' is specified without a 'data' directory Flavors: r-patched-linux-x86_64, r-release-linux-x86_64, r-release-macos-arm64, r-release-macos-x86_64, r-release-windows-x86_64, r-oldrel-macos-arm64, r-oldrel-macos-x86_64, r-oldrel-windows-x86_64