Last updated on 2024-03-29 01:51:09 CET.
Flavor | Version | Tinstall | Tcheck | Ttotal | Status | Flags |
---|---|---|---|---|---|---|
r-devel-linux-x86_64-debian-clang | 1.7 | 6.51 | 36.09 | 42.60 | NOTE | |
r-devel-linux-x86_64-debian-gcc | 1.7 | 5.15 | 28.33 | 33.48 | NOTE | |
r-devel-linux-x86_64-fedora-clang | 1.7 | 54.55 | NOTE | |||
r-devel-linux-x86_64-fedora-gcc | 1.7 | 53.35 | NOTE | |||
r-devel-windows-x86_64 | 1.7 | 10.00 | 59.00 | 69.00 | NOTE | |
r-patched-linux-x86_64 | 1.7 | 6.14 | 35.70 | 41.84 | NOTE | |
r-release-linux-x86_64 | 1.7 | 5.55 | 36.05 | 41.60 | NOTE | |
r-release-macos-arm64 | 1.7 | 26.00 | NOTE | |||
r-release-macos-x86_64 | 1.7 | 33.00 | NOTE | |||
r-release-windows-x86_64 | 1.7 | 12.00 | 65.00 | 77.00 | NOTE | |
r-oldrel-macos-arm64 | 1.7 | 27.00 | OK | |||
r-oldrel-windows-x86_64 | 1.7 | 12.00 | 65.00 | 77.00 | OK |
Version: 1.7
Check: Rd files
Result: NOTE
checkRd: (-1) isingdata.Rd:14: Lost braces; missing escapes or markup?
14 | \item{X}{a 5000-by-100 matrix, each entry is in {-1,1}.}
| ^
checkRd: (-1) predict.lb.Rd:16: Escaped LaTeX specials: \$
Flavors: r-devel-linux-x86_64-debian-clang, r-devel-linux-x86_64-debian-gcc, r-devel-linux-x86_64-fedora-clang, r-devel-linux-x86_64-fedora-gcc, r-devel-windows-x86_64, r-patched-linux-x86_64
Version: 1.7
Check: Rd files
Result: NOTE
checkRd: (-1) predict.lb.Rd:16: Escaped LaTeX specials: \$
Flavors: r-release-linux-x86_64, r-release-macos-arm64, r-release-macos-x86_64, r-release-windows-x86_64