Last updated on 2025-02-02 01:49:19 CET.
Flavor | Version | Tinstall | Tcheck | Ttotal | Status | Flags |
---|---|---|---|---|---|---|
r-devel-linux-x86_64-debian-clang | 0.3-3 | 4.60 | 39.53 | 44.13 | NOTE | |
r-devel-linux-x86_64-debian-gcc | 0.3-3 | 2.76 | 30.85 | 33.61 | NOTE | |
r-devel-linux-x86_64-fedora-clang | 0.3-3 | 71.82 | OK | |||
r-devel-linux-x86_64-fedora-gcc | 0.3-3 | 81.46 | OK | |||
r-devel-windows-x86_64 | 0.3-3 | 5.00 | 81.00 | 86.00 | NOTE | |
r-patched-linux-x86_64 | 0.3-3 | 5.81 | 37.96 | 43.77 | OK | |
r-release-linux-x86_64 | 0.3-3 | 4.07 | 37.75 | 41.82 | OK | |
r-release-macos-arm64 | 0.3-3 | 37.00 | OK | |||
r-release-macos-x86_64 | 0.3-3 | 51.00 | OK | |||
r-release-windows-x86_64 | 0.3-3 | 5.00 | 79.00 | 84.00 | OK | |
r-oldrel-macos-arm64 | 0.3-3 | 34.00 | OK | |||
r-oldrel-macos-x86_64 | 0.3-3 | 50.00 | OK | |||
r-oldrel-windows-x86_64 | 0.3-3 | 5.00 | 78.00 | 83.00 | OK |
Version: 0.3-3
Check: Rd cross-references
Result: NOTE
Found the following Rd file(s) with Rd \link{} targets missing package
anchors:
fxInteractive.Rd: gam, lme
fxInteractive.glm.Rd: gam, print.xtable, xtable
fxInteractive.lm.Rd: print.xtable, xtable
fxInteractive.lme.Rd: lme, predict.lme, print.xtable, xtable
wrapRpSlider.Rd: rp.slider
Please provide package anchors for all Rd \link{} targets not in the
package itself and the base packages.
Flavors: r-devel-linux-x86_64-debian-clang, r-devel-linux-x86_64-debian-gcc, r-devel-windows-x86_64