Last updated on 2025-07-17 02:49:29 CEST.
Flavor | Version | Tinstall | Tcheck | Ttotal | Status | Flags |
---|---|---|---|---|---|---|
r-devel-linux-x86_64-debian-clang | 0.1.1 | 12.84 | 147.32 | 160.16 | OK | |
r-devel-linux-x86_64-debian-gcc | 0.1.1 | 8.75 | 104.62 | 113.37 | OK | |
r-devel-linux-x86_64-fedora-clang | 0.1.1 | 250.91 | OK | |||
r-devel-linux-x86_64-fedora-gcc | 0.1.1 | 250.08 | OK | |||
r-devel-windows-x86_64 | 0.1.1 | 13.00 | 134.00 | 147.00 | OK | |
r-patched-linux-x86_64 | 0.1.1 | 10.07 | 140.87 | 150.94 | OK | |
r-release-linux-x86_64 | 0.1.1 | 13.10 | 141.24 | 154.34 | OK | |
r-release-macos-arm64 | 0.1.1 | 82.00 | OK | |||
r-release-macos-x86_64 | 0.1.1 | 142.00 | OK | |||
r-release-windows-x86_64 | 0.1.1 | 12.00 | 134.00 | 146.00 | OK | |
r-oldrel-macos-arm64 | 0.1.1 | 68.00 | NOTE | |||
r-oldrel-macos-x86_64 | 0.1.1 | 110.00 | NOTE | |||
r-oldrel-windows-x86_64 | 0.1.1 | 13.00 | 180.00 | 193.00 | NOTE |
Version: 0.1.1
Check: LazyData
Result: NOTE
'LazyData' is specified without a 'data' directory
Flavors: r-oldrel-macos-arm64, r-oldrel-macos-x86_64, r-oldrel-windows-x86_64