Last updated on 2024-08-16 01:48:22 CEST.
Flavor | Version | Tinstall | Tcheck | Ttotal | Status | Flags |
---|---|---|---|---|---|---|
r-devel-linux-x86_64-debian-clang | 0.9.24 | 75.99 | 281.66 | 357.65 | NOTE | |
r-devel-linux-x86_64-debian-gcc | 0.9.24 | 48.64 | 173.60 | 222.24 | NOTE | |
r-devel-linux-x86_64-fedora-clang | 0.9.24 | 594.95 | OK | |||
r-devel-linux-x86_64-fedora-gcc | 0.9.24 | 567.65 | OK | |||
r-devel-windows-x86_64 | 0.9.24 | 81.00 | 307.00 | 388.00 | NOTE | |
r-patched-linux-x86_64 | 0.9.24 | 83.72 | 259.52 | 343.24 | OK | |
r-release-linux-x86_64 | 0.9.24 | 72.44 | 256.34 | 328.78 | OK | |
r-release-macos-arm64 | 0.9.24 | 140.00 | NOTE | |||
r-release-macos-x86_64 | 0.9.24 | 406.00 | NOTE | |||
r-release-windows-x86_64 | 0.9.24 | 82.00 | 305.00 | 387.00 | OK | |
r-oldrel-macos-arm64 | 0.9.24 | 154.00 | NOTE | |||
r-oldrel-macos-x86_64 | 0.9.24 | 312.00 | NOTE | |||
r-oldrel-windows-x86_64 | 0.9.24 | 103.00 | 411.00 | 514.00 | OK |
Version: 0.9.24
Check: Rd cross-references
Result: NOTE
Found the following Rd file(s) with Rd \link{} targets missing package
anchors:
calc_MinDose.Rd: mle2, profile.mle2
combine_De_Dr.Rd: mclust-package
plot_NRt.Rd: rollmean
read_XSYG2R.Rd: xml
Please provide package anchors for all Rd \link{} targets not in the
package itself and the base packages.
Flavors: r-devel-linux-x86_64-debian-clang, r-devel-linux-x86_64-debian-gcc, r-devel-windows-x86_64
Version: 0.9.24
Check: installed package size
Result: NOTE
installed size is 6.1Mb
sub-directories of 1Mb or more:
R 2.0Mb
libs 1.9Mb
Flavors: r-release-macos-arm64, r-release-macos-x86_64, r-oldrel-macos-arm64, r-oldrel-macos-x86_64