Last updated on 2024-04-24 01:52:15 CEST.
Flavor | Version | Tinstall | Tcheck | Ttotal | Status | Flags |
---|---|---|---|---|---|---|
r-devel-linux-x86_64-debian-clang | 0.9.23 | 106.59 | 380.84 | 487.43 | OK | |
r-devel-linux-x86_64-debian-gcc | 0.9.23 | 89.63 | 261.32 | 350.95 | OK | |
r-devel-linux-x86_64-fedora-clang | 0.9.23 | 616.57 | OK | |||
r-devel-linux-x86_64-fedora-gcc | 0.9.23 | 592.74 | OK | |||
r-prerel-macos-arm64 | 0.9.23 | 134.00 | NOTE | |||
r-prerel-windows-x86_64 | 0.9.23 | 88.00 | 317.00 | 405.00 | OK | |
r-patched-linux-x86_64 | 0.9.23 | 120.11 | 354.65 | 474.76 | OK | |
r-release-linux-x86_64 | 0.9.23 | 98.09 | 354.71 | 452.80 | OK | |
r-release-macos-arm64 | 0.9.23 | 136.00 | NOTE | |||
r-release-macos-x86_64 | 0.9.23 | 339.00 | NOTE | |||
r-release-windows-x86_64 | 0.9.23 | 116.00 | 413.00 | 529.00 | OK | |
r-oldrel-macos-arm64 | 0.9.23 | 136.00 | NOTE | |||
r-oldrel-windows-x86_64 | 0.9.23 | 117.00 | 341.00 | 458.00 | OK |
Version: 0.9.23
Check: installed package size
Result: NOTE
installed size is 6.1Mb
sub-directories of 1Mb or more:
R 2.0Mb
libs 1.9Mb
Flavors: r-prerel-macos-arm64, r-release-macos-arm64, r-release-macos-x86_64, r-oldrel-macos-arm64