Last updated on 2024-05-02 01:57:03 CEST.
Flavor | Version | Tinstall | Tcheck | Ttotal | Status | Flags |
---|---|---|---|---|---|---|
r-devel-linux-x86_64-debian-clang | 0.1.0 | 35.19 | 486.71 | 521.90 | OK | |
r-devel-linux-x86_64-debian-gcc | 0.1.0 | 29.02 | 360.10 | 389.12 | OK | |
r-devel-linux-x86_64-fedora-clang | 0.1.0 | 651.57 | NOTE | |||
r-devel-linux-x86_64-fedora-gcc | 0.1.0 | 655.67 | NOTE | |||
r-devel-windows-x86_64 | 0.1.0 | 29.00 | 323.00 | 352.00 | OK | |
r-patched-linux-x86_64 | 0.1.0 | 23.71 | 457.04 | 480.75 | OK | |
r-release-linux-x86_64 | 0.1.0 | 23.47 | 454.01 | 477.48 | OK | |
r-release-macos-arm64 | 0.1.0 | 242.00 | OK | |||
r-release-macos-x86_64 | 0.1.0 | 410.00 | OK | |||
r-release-windows-x86_64 | 0.1.0 | 30.00 | 338.00 | 368.00 | OK | |
r-oldrel-macos-arm64 | 0.1.0 | 304.00 | NOTE | |||
r-oldrel-macos-x86_64 | 0.1.0 | 423.00 | NOTE | |||
r-oldrel-windows-x86_64 | 0.1.0 | 40.00 | 427.00 | 467.00 | OK |
Version: 0.1.0
Check: dependencies in R code
Result: NOTE
Namespace in Imports field not imported from: ‘fmsb’
All declared Imports should be used.
Flavors: r-devel-linux-x86_64-fedora-clang, r-devel-linux-x86_64-fedora-gcc
Version: 0.1.0
Check: package dependencies
Result: NOTE
Package suggested but not available for checking: ‘orthogene’
Flavors: r-oldrel-macos-arm64, r-oldrel-macos-x86_64
Version: 0.1.0
Check: Rd cross-references
Result: NOTE
Package unavailable to check Rd xrefs: ‘orthogene’
Flavors: r-oldrel-macos-arm64, r-oldrel-macos-x86_64