Last updated on 2025-05-21 01:49:29 CEST.
Flavor | Version | Tinstall | Tcheck | Ttotal | Status | Flags |
---|---|---|---|---|---|---|
r-devel-linux-x86_64-debian-clang | 2.0.4 | 10.08 | 81.95 | 92.03 | NOTE | |
r-devel-linux-x86_64-debian-gcc | 2.0.4 | 7.04 | 61.36 | 68.40 | NOTE | |
r-devel-linux-x86_64-fedora-clang | 2.0.4 | 145.85 | OK | |||
r-devel-linux-x86_64-fedora-gcc | 2.0.4 | 153.77 | OK | |||
r-devel-windows-x86_64 | 2.0.4 | 13.00 | 91.00 | 104.00 | OK | |
r-patched-linux-x86_64 | 2.0.4 | 9.42 | 79.13 | 88.55 | OK | |
r-release-linux-x86_64 | 2.0.4 | 8.86 | 78.94 | 87.80 | OK | |
r-release-macos-arm64 | 2.0.4 | 78.00 | OK | |||
r-release-macos-x86_64 | 2.0.4 | 90.00 | OK | |||
r-release-windows-x86_64 | 2.0.4 | 12.00 | 95.00 | 107.00 | OK | |
r-oldrel-macos-arm64 | 2.0.4 | 52.00 | OK | |||
r-oldrel-macos-x86_64 | 2.0.4 | 74.00 | OK | |||
r-oldrel-windows-x86_64 | 2.0.4 | 16.00 | 112.00 | 128.00 | OK |
Version: 2.0.4
Check: CRAN incoming feasibility
Result: NOTE
Maintainer: ‘John Chaston <john_chaston@byu.edu>’
Found the following (possibly) invalid file URI:
URI: www.orthomcl.org
From: inst/doc/using_mag.html
Flavors: r-devel-linux-x86_64-debian-clang, r-devel-linux-x86_64-debian-gcc