CRAN Package Check Results for Package MARSSVRhybrid

Last updated on 2025-10-01 02:54:22 CEST.

Flavor Version Tinstall Tcheck Ttotal Status Flags
r-devel-linux-x86_64-debian-clang 0.1.0 1.93 21.63 23.56 OK
r-devel-linux-x86_64-debian-gcc 0.1.0 1.42 18.02 19.44 OK
r-devel-linux-x86_64-fedora-clang 0.1.0 35.11 OK
r-devel-linux-x86_64-fedora-gcc 0.1.0 31.98 OK
r-devel-windows-x86_64 0.1.0 4.00 42.00 46.00 OK
r-patched-linux-x86_64 0.1.0 1.77 20.55 22.32 OK
r-release-linux-x86_64 0.1.0 1.74 20.25 21.99 OK
r-release-macos-arm64 0.1.0 29.00 OK
r-release-macos-x86_64 0.1.0 27.00 OK
r-release-windows-x86_64 0.1.0 3.00 43.00 46.00 OK
r-oldrel-macos-arm64 0.1.0 17.00 NOTE
r-oldrel-macos-x86_64 0.1.0 25.00 NOTE
r-oldrel-windows-x86_64 0.1.0 4.00 45.00 49.00 NOTE

Check Details

Version: 0.1.0
Check: LazyData
Result: NOTE 'LazyData' is specified without a 'data' directory Flavors: r-oldrel-macos-arm64, r-oldrel-macos-x86_64, r-oldrel-windows-x86_64