CRAN Package Check Results for Package MAd

Last updated on 2020-03-30 23:51:39 CEST.

Flavor Version Tinstall Tcheck Ttotal Status Flags
r-devel-linux-x86_64-debian-clang 0.8-2.1 5.90 46.91 52.81 NOTE
r-devel-linux-x86_64-debian-gcc 0.8-2.1 5.01 35.62 40.63 NOTE
r-devel-linux-x86_64-fedora-clang 0.8-2.1 62.63 NOTE
r-devel-linux-x86_64-fedora-gcc 0.8-2.1 61.80 NOTE
r-devel-windows-ix86+x86_64 0.8-2.1 15.00 56.00 71.00 NOTE
r-devel-windows-ix86+x86_64-gcc8 0.8-2.1 10.00 55.00 65.00 NOTE
r-patched-linux-x86_64 0.8-2.1 6.09 45.09 51.18 NOTE
r-patched-solaris-x86 0.8-2.1 85.70 NOTE
r-release-linux-x86_64 0.8-2.1 4.65 41.16 45.81 NOTE
r-release-windows-ix86+x86_64 0.8-2.1 26.00 77.00 103.00 NOTE
r-release-osx-x86_64 0.8-2.1 NOTE
r-oldrel-windows-ix86+x86_64 0.8-2.1 12.00 80.00 92.00 NOTE
r-oldrel-osx-x86_64 0.8-2.1 NOTE

Check Details

Version: 0.8-2.1
Check: package dependencies
Result: NOTE
    Package suggested but not available for checking: 'R2wd'
Flavors: r-devel-linux-x86_64-debian-clang, r-devel-linux-x86_64-debian-gcc, r-devel-linux-x86_64-fedora-clang, r-devel-linux-x86_64-fedora-gcc, r-patched-linux-x86_64, r-patched-solaris-x86, r-release-linux-x86_64, r-release-osx-x86_64, r-oldrel-osx-x86_64

Version: 0.8-2.1
Check: dependencies in R code
Result: NOTE
    'library' or 'require' calls in package code:
     'R2wd' 'ggplot2' 'metafor'
     Please use :: or requireNamespace() instead.
     See section 'Suggested packages' in the 'Writing R Extensions' manual.
Flavors: r-devel-linux-x86_64-debian-clang, r-devel-linux-x86_64-debian-gcc, r-devel-linux-x86_64-fedora-clang, r-devel-linux-x86_64-fedora-gcc, r-devel-windows-ix86+x86_64, r-devel-windows-ix86+x86_64-gcc8, r-patched-linux-x86_64, r-patched-solaris-x86, r-release-linux-x86_64, r-release-windows-ix86+x86_64, r-release-osx-x86_64, r-oldrel-windows-ix86+x86_64, r-oldrel-osx-x86_64