Last updated on 2022-05-23 01:50:13 CEST.
Flavor | Version | Tinstall | Tcheck | Ttotal | Status | Flags |
---|---|---|---|---|---|---|
r-devel-linux-x86_64-debian-clang | 0.2.1 | 10.95 | 521.78 | 532.73 | OK | |
r-devel-linux-x86_64-debian-gcc | 0.2.1 | 8.56 | 376.71 | 385.27 | OK | |
r-devel-linux-x86_64-fedora-clang | 0.2.1 | 602.08 | NOTE | |||
r-devel-linux-x86_64-fedora-gcc | 0.2.1 | 602.75 | OK | |||
r-devel-windows-x86_64 | 0.2.1 | 73.00 | 544.00 | 617.00 | OK | |
r-patched-linux-x86_64 | 0.2.1 | 9.88 | 486.86 | 496.74 | OK | |
r-release-linux-x86_64 | 0.2.1 | 10.89 | 488.70 | 499.59 | OK | |
r-release-macos-arm64 | 0.2.1 | 205.00 | OK | |||
r-release-macos-x86_64 | 0.2.1 | 236.00 | NOTE | |||
r-release-windows-x86_64 | 0.2.1 | 72.00 | 543.00 | 615.00 | OK | |
r-oldrel-macos-arm64 | 0.2.1 | 54.00 | OK | |||
r-oldrel-macos-x86_64 | 0.2.1 | 82.00 | OK | |||
r-oldrel-windows-ix86+x86_64 | 0.2.1 | 20.00 | 566.00 | 586.00 | OK |
Version: 0.2.1
Check: Rd cross-references
Result: NOTE
Undeclared package ‘gemtc’ in Rd xrefs
Flavor: r-devel-linux-x86_64-fedora-clang
Version: 0.2.1
Check: Rd cross-references
Result: NOTE
Package unavailable to check Rd xrefs: ‘gemtc’
Flavor: r-release-macos-x86_64