Last updated on 2025-10-29 01:50:43 CET.
| Flavor | Version | Tinstall | Tcheck | Ttotal | Status | Flags |
|---|---|---|---|---|---|---|
| r-devel-linux-x86_64-debian-clang | 1.3 | 18.20 | 94.43 | 112.63 | OK | |
| r-devel-linux-x86_64-debian-gcc | 1.3 | 13.38 | 66.68 | 80.06 | OK | |
| r-devel-linux-x86_64-fedora-clang | 1.3 | 122.00 | 67.63 | 189.63 | NOTE | |
| r-devel-linux-x86_64-fedora-gcc | 1.3 | 90.00 | 88.55 | 178.55 | NOTE | |
| r-devel-windows-x86_64 | 1.3 | 25.00 | 115.00 | 140.00 | OK | |
| r-patched-linux-x86_64 | 1.3 | 19.36 | 88.12 | 107.48 | OK | |
| r-release-linux-x86_64 | 1.3 | 17.16 | 89.06 | 106.22 | OK | |
| r-release-macos-arm64 | 1.3 | 9.00 | 40.00 | 49.00 | OK | |
| r-release-macos-x86_64 | 1.3 | 17.00 | 85.00 | 102.00 | OK | |
| r-release-windows-x86_64 | 1.3 | 27.00 | 117.00 | 144.00 | OK | |
| r-oldrel-macos-arm64 | 1.3 | 9.00 | 44.00 | 53.00 | OK | |
| r-oldrel-macos-x86_64 | 1.3 | 17.00 | 81.00 | 98.00 | OK | |
| r-oldrel-windows-x86_64 | 1.3 | 31.00 | 154.00 | 185.00 | OK |
Version: 1.3
Check: dependencies in R code
Result: NOTE
Namespaces in Imports field not imported from:
‘MASS’ ‘Rdpack’ ‘copula’ ‘missMethods’
All declared Imports should be used.
Flavors: r-devel-linux-x86_64-fedora-clang, r-devel-linux-x86_64-fedora-gcc