Last updated on 2022-07-01 01:49:35 CEST.
Flavor | Version | Tinstall | Tcheck | Ttotal | Status | Flags |
---|---|---|---|---|---|---|
r-devel-linux-x86_64-debian-clang | 0.4 | 44.44 | 76.25 | 120.69 | OK | |
r-devel-linux-x86_64-debian-gcc | 0.4 | 41.31 | 54.45 | 95.76 | OK | |
r-devel-linux-x86_64-fedora-clang | 0.4 | 174.46 | OK | |||
r-devel-linux-x86_64-fedora-gcc | 0.4 | 171.52 | OK | |||
r-devel-windows-x86_64 | 0.4 | 59.00 | 121.00 | 180.00 | OK | |
r-patched-linux-x86_64 | 0.4 | 43.69 | 73.40 | 117.09 | OK | |
r-release-linux-x86_64 | 0.4 | 37.62 | 71.42 | 109.04 | OK | |
r-release-macos-arm64 | 0.4 | 44.00 | NOTE | |||
r-release-macos-x86_64 | 0.4 | 84.00 | NOTE | |||
r-release-windows-x86_64 | 0.4 | 52.00 | 121.00 | 173.00 | OK | |
r-oldrel-macos-arm64 | 0.4 | 43.00 | NOTE | |||
r-oldrel-macos-x86_64 | 0.4 | 66.00 | NOTE | |||
r-oldrel-windows-ix86+x86_64 | 0.4 | 107.00 | 143.00 | 250.00 | OK |
Version: 0.4
Check: installed package size
Result: NOTE
installed size is 6.0Mb
sub-directories of 1Mb or more:
libs 5.4Mb
Flavors: r-release-macos-arm64, r-release-macos-x86_64, r-oldrel-macos-arm64, r-oldrel-macos-x86_64