CRAN Package Check Results for Package MCPModPack

Last updated on 2020-08-04 11:50:30 CEST.

Flavor Version Tinstall Tcheck Ttotal Status Flags
r-devel-linux-x86_64-debian-clang 0.2 44.33 71.36 115.69 OK
r-devel-linux-x86_64-debian-gcc 0.3 38.20 47.22 85.42 OK
r-devel-linux-x86_64-fedora-clang 0.3 80.17 NOTE
r-devel-linux-x86_64-fedora-gcc 0.3 95.54 OK
r-devel-windows-ix86+x86_64 0.2 118.00 179.00 297.00 OK
r-patched-linux-x86_64 0.2 46.65 69.87 116.52 OK
r-patched-solaris-x86 0.3 159.30 OK
r-release-linux-x86_64 0.2 41.35 72.66 114.01 OK
r-release-macos-x86_64 0.2 NOTE
r-release-windows-ix86+x86_64 0.2 111.00 157.00 268.00 OK
r-oldrel-macos-x86_64 0.2 NOTE
r-oldrel-windows-ix86+x86_64 0.2 82.00 116.00 198.00 OK

Check Details

Version: 0.3
Check: installed package size
Result: NOTE
     installed size is 5.9Mb
     sub-directories of 1Mb or more:
     libs 5.4Mb
Flavor: r-devel-linux-x86_64-fedora-clang

Version: 0.2
Check: installed package size
Result: NOTE
     installed size is 5.9Mb
     sub-directories of 1Mb or more:
     libs 5.5Mb
Flavors: r-release-macos-x86_64, r-oldrel-macos-x86_64