Last updated on 2025-04-30 02:50:44 CEST.
Flavor | Version | Tinstall | Tcheck | Ttotal | Status | Flags |
---|---|---|---|---|---|---|
r-devel-linux-x86_64-debian-clang | 1.0.1 | 6.28 | 67.53 | 73.81 | NOTE | |
r-devel-linux-x86_64-debian-gcc | 1.0.1 | 4.41 | 45.49 | 49.90 | NOTE | |
r-devel-linux-x86_64-fedora-clang | 1.0.1 | 106.75 | OK | |||
r-devel-linux-x86_64-fedora-gcc | 1.0.1 | 113.18 | OK | |||
r-devel-windows-x86_64 | 1.0.1 | 8.00 | 77.00 | 85.00 | OK | |
r-patched-linux-x86_64 | 1.0.1 | 5.70 | 62.80 | 68.50 | OK | |
r-release-linux-x86_64 | 1.0.1 | 5.69 | 61.54 | 67.23 | OK | |
r-release-macos-arm64 | 1.0.1 | 74.00 | OK | |||
r-release-macos-x86_64 | 1.0.1 | 68.00 | OK | |||
r-release-windows-x86_64 | 1.0.1 | 8.00 | 79.00 | 87.00 | OK | |
r-oldrel-macos-arm64 | 1.0.1 | 37.00 | OK | |||
r-oldrel-macos-x86_64 | 1.0.1 | 57.00 | OK | |||
r-oldrel-windows-x86_64 | 1.0.1 | 9.00 | 95.00 | 104.00 | OK |
Version: 1.0.1
Check: examples
Result: NOTE
Examples with CPU (user + system) or elapsed time > 5s
user system elapsed
MCTrend 16.366 0.146 21.903
Flavor: r-devel-linux-x86_64-debian-clang
Version: 1.0.1
Check: examples
Result: NOTE
Examples with CPU (user + system) or elapsed time > 5s
user system elapsed
MCTrend 9.284 0.176 11.549
Flavor: r-devel-linux-x86_64-debian-gcc