CRAN Package Check Results for Package MDSMap

Last updated on 2022-06-27 01:49:56 CEST.

Flavor Version Tinstall Tcheck Ttotal Status Flags
r-devel-linux-x86_64-debian-clang 1.1 17.65 180.10 197.75 OK
r-devel-linux-x86_64-debian-gcc 1.1 14.59 134.28 148.87 OK
r-devel-linux-x86_64-fedora-clang 1.1 253.09 WARN
r-devel-linux-x86_64-fedora-gcc 1.1 237.90 WARN
r-devel-windows-x86_64 1.1 32.00 206.00 238.00 OK
r-patched-linux-x86_64 1.1 24.46 170.62 195.08 OK
r-release-linux-x86_64 1.1 18.72 172.63 191.35 OK
r-release-macos-arm64 1.1 73.00 OK
r-release-macos-x86_64 1.1 121.00 OK
r-release-windows-x86_64 1.1 24.00 203.00 227.00 OK
r-oldrel-macos-arm64 1.1 78.00 OK
r-oldrel-macos-x86_64 1.1 143.00 OK
r-oldrel-windows-ix86+x86_64 1.1 41.00 194.00 235.00 OK

Check Details

Version: 1.1
Check: package dependencies
Result: WARN
    Requires (indirectly) orphaned package: ‘gtools’
Flavors: r-devel-linux-x86_64-fedora-clang, r-devel-linux-x86_64-fedora-gcc