Last updated on 2024-08-16 01:48:23 CEST.
Flavor | Version | Tinstall | Tcheck | Ttotal | Status | Flags |
---|---|---|---|---|---|---|
r-devel-linux-x86_64-debian-clang | 0.9-3 | 4.95 | 38.72 | 43.67 | NOTE | |
r-devel-linux-x86_64-debian-gcc | 0.9-3 | 3.86 | 28.28 | 32.14 | NOTE | |
r-devel-linux-x86_64-fedora-clang | 0.9-3 | 70.34 | NOTE | |||
r-devel-linux-x86_64-fedora-gcc | 0.9-3 | 67.54 | NOTE | |||
r-devel-windows-x86_64 | 0.9-3 | 6.00 | 69.00 | 75.00 | NOTE | |
r-patched-linux-x86_64 | 0.9-3 | 6.04 | 36.39 | 42.43 | NOTE | |
r-release-linux-x86_64 | 0.9-3 | 4.10 | 36.45 | 40.55 | NOTE | |
r-release-macos-arm64 | 0.9-3 | 26.00 | NOTE | |||
r-release-macos-x86_64 | 0.9-3 | 51.00 | NOTE | |||
r-release-windows-x86_64 | 0.9-3 | 7.00 | 68.00 | 75.00 | NOTE | |
r-oldrel-macos-arm64 | 0.9-3 | 27.00 | NOTE | |||
r-oldrel-macos-x86_64 | 0.9-3 | 42.00 | NOTE | |||
r-oldrel-windows-x86_64 | 0.9-3 | 9.00 | 80.00 | 89.00 | NOTE |
Version: 0.9-3
Check: Rd files
Result: NOTE
checkRd: (-1) Soybean.Rd:15: Escaped LaTeX specials: \#
checkRd: (-1) Soybean.Rd:33: Escaped LaTeX specials: \#
Flavors: r-devel-linux-x86_64-debian-clang, r-devel-linux-x86_64-debian-gcc, r-devel-linux-x86_64-fedora-clang, r-devel-linux-x86_64-fedora-gcc, r-devel-windows-x86_64, r-patched-linux-x86_64, r-release-linux-x86_64, r-release-macos-arm64, r-release-macos-x86_64, r-release-windows-x86_64, r-oldrel-macos-arm64, r-oldrel-macos-x86_64, r-oldrel-windows-x86_64