CRAN Package Check Results for Package MIIVsem

Last updated on 2025-04-30 01:50:26 CEST.

Flavor Version Tinstall Tcheck Ttotal Status Flags
r-devel-linux-x86_64-debian-clang 0.5.8 4.14 35.85 39.99 NOTE
r-devel-linux-x86_64-debian-gcc 0.5.8 3.49 25.37 28.86 NOTE
r-devel-linux-x86_64-fedora-clang 0.5.8 62.48 NOTE
r-devel-linux-x86_64-fedora-gcc 0.5.8 59.21 NOTE
r-devel-windows-x86_64 0.5.8 7.00 55.00 62.00 NOTE
r-patched-linux-x86_64 0.5.8 6.18 33.03 39.21 NOTE
r-release-linux-x86_64 0.5.8 5.15 32.11 37.26 NOTE
r-release-macos-arm64 0.5.8 22.00 NOTE
r-release-macos-x86_64 0.5.8 35.00 NOTE
r-release-windows-x86_64 0.5.8 8.00 55.00 63.00 NOTE
r-oldrel-macos-arm64 0.5.8 22.00 NOTE
r-oldrel-macos-x86_64 0.5.8 30.00 NOTE
r-oldrel-windows-x86_64 0.5.8 10.00 61.00 71.00 NOTE

Check Details

Version: 0.5.8
Check: Rd files
Result: NOTE checkRd: (-1) miive.Rd:120-239: Lost braces in \itemize; meant \describe ? checkRd: (-1) miive.Rd:241-264: Lost braces in \itemize; meant \describe ? checkRd: (-1) miive.Rd:266-277: Lost braces in \itemize; meant \describe ? checkRd: (-1) miive.Rd:279-286: Lost braces in \itemize; meant \describe ? checkRd: (-1) miive.Rd:288-293: Lost braces in \itemize; meant \describe ? checkRd: (-1) miive.Rd:295-311: Lost braces in \itemize; meant \describe ? checkRd: (-1) miive.Rd:313-337: Lost braces in \itemize; meant \describe ? checkRd: (-1) miive.Rd:339-352: Lost braces in \itemize; meant \describe ? checkRd: (-1) miive.Rd:353-370: Lost braces in \itemize; meant \describe ? checkRd: (-1) miive.Rd:426: Lost braces 426 | \link{MIIVsem}{miivs} | ^ checkRd: (-1) miivs.Rd:33-160: Lost braces in \itemize; meant \describe ? Flavors: r-devel-linux-x86_64-debian-clang, r-devel-linux-x86_64-debian-gcc, r-devel-linux-x86_64-fedora-clang, r-devel-linux-x86_64-fedora-gcc, r-devel-windows-x86_64, r-patched-linux-x86_64, r-release-linux-x86_64, r-release-macos-arm64, r-release-macos-x86_64, r-release-windows-x86_64, r-oldrel-macos-arm64, r-oldrel-macos-x86_64, r-oldrel-windows-x86_64