Last updated on 2024-04-23 01:57:05 CEST.
Flavor | Version | Tinstall | Tcheck | Ttotal | Status | Flags |
---|---|---|---|---|---|---|
r-devel-linux-x86_64-debian-clang | 0.1.0 | 1143.27 | 281.03 | 1424.30 | NOTE | |
r-devel-linux-x86_64-debian-gcc | 0.1.0 | 1058.54 | 276.76 | 1335.30 | NOTE | |
r-devel-linux-x86_64-fedora-clang | 0.1.0 | 1758.70 | NOTE | |||
r-devel-linux-x86_64-fedora-gcc | 0.1.0 | 2591.37 | NOTE | |||
r-prerel-macos-arm64 | 0.1.0 | 434.00 | NOTE | |||
r-prerel-windows-x86_64 | 0.1.0 | 832.00 | 311.00 | 1143.00 | NOTE | |
r-patched-linux-x86_64 | 0.1.0 | 930.36 | 372.23 | 1302.59 | NOTE | |
r-release-linux-x86_64 | 0.1.0 | 0.02 | 2.41 | 2.43 | ERROR | |
r-release-macos-arm64 | 0.1.0 | 447.00 | NOTE | |||
r-release-macos-x86_64 | 0.1.0 | 708.00 | NOTE | |||
r-release-windows-x86_64 | 0.1.0 | 1124.00 | 421.00 | 1545.00 | NOTE | |
r-oldrel-macos-arm64 | 0.1.0 | 415.00 | NOTE | |||
r-oldrel-windows-x86_64 | 0.1.0 | 1111.00 | 332.00 | 1443.00 | NOTE |
Version: 0.1.0
Check: for GNU extensions in Makefiles
Result: NOTE
GNU make is a SystemRequirements.
Flavors: r-devel-linux-x86_64-debian-clang, r-devel-linux-x86_64-debian-gcc, r-devel-linux-x86_64-fedora-clang, r-devel-linux-x86_64-fedora-gcc, r-prerel-macos-arm64, r-prerel-windows-x86_64, r-patched-linux-x86_64, r-release-macos-arm64, r-release-macos-x86_64, r-release-windows-x86_64, r-oldrel-macos-arm64, r-oldrel-windows-x86_64
Version: 0.1.0
Check: installed package size
Result: NOTE
installed size is 10.6Mb
sub-directories of 1Mb or more:
libs 9.9Mb
Flavors: r-devel-linux-x86_64-fedora-clang, r-prerel-macos-arm64, r-prerel-windows-x86_64, r-release-macos-arm64, r-release-macos-x86_64, r-release-windows-x86_64, r-oldrel-macos-arm64, r-oldrel-windows-x86_64
Version: 0.1.0
Check: dependencies in R code
Result: NOTE
Namespaces in Imports field not imported from:
‘pracma’ ‘rstantools’
All declared Imports should be used.
Flavors: r-devel-linux-x86_64-fedora-clang, r-devel-linux-x86_64-fedora-gcc, r-oldrel-macos-arm64
Version: 0.1.0
Check: whether package can be installed
Result: ERROR
Installation failed.
Flavor: r-release-linux-x86_64