Last updated on 2025-04-29 01:49:40 CEST.
Flavor | Version | Tinstall | Tcheck | Ttotal | Status | Flags |
---|---|---|---|---|---|---|
r-devel-linux-x86_64-debian-clang | 1.0.1 | 6.49 | 87.95 | 94.44 | OK | |
r-devel-linux-x86_64-debian-gcc | 1.0.1 | 5.12 | 65.00 | 70.12 | NOTE | |
r-devel-linux-x86_64-fedora-clang | 1.0.1 | 146.09 | NOTE | |||
r-devel-linux-x86_64-fedora-gcc | 1.0.1 | 157.40 | NOTE | |||
r-devel-windows-x86_64 | 1.0.1 | 9.00 | 106.00 | 115.00 | OK | |
r-patched-linux-x86_64 | 1.0.1 | 5.66 | 85.15 | 90.81 | OK | |
r-release-linux-x86_64 | 1.0.1 | 6.29 | 85.32 | 91.61 | OK | |
r-release-macos-arm64 | 1.0.1 | 63.00 | OK | |||
r-release-macos-x86_64 | 1.0.1 | 120.00 | OK | |||
r-release-windows-x86_64 | 1.0.1 | 9.00 | 108.00 | 117.00 | OK | |
r-oldrel-macos-arm64 | 1.0.1 | 69.00 | OK | |||
r-oldrel-macos-x86_64 | 1.0.1 | 96.00 | OK | |||
r-oldrel-windows-x86_64 | 1.0.1 | 12.00 | 135.00 | 147.00 | OK |
Version: 1.0.1
Check: CRAN incoming feasibility
Result: NOTE
Maintainer: ‘Richard Harris <rich.harris@bris.ac.uk>’
No Authors@R field in DESCRIPTION.
Please add one, modifying
Authors@R: c(person(given = "Richard",
family = "Harris",
role = c("aut", "cre"),
email = "rich.harris@bris.ac.uk"),
person(given = "Dewi",
family = "Owen",
role = "ctb"))
as necessary.
Package CITATION file contains call(s) to old-style personList() or
as.personList(). Please use c() on person objects instead.
Package CITATION file contains call(s) to old-style citEntry(). Please
use bibentry() instead.
Found the following URLs which should use \doi (with the DOI name only):
File ‘aggdata.Rd’:
http://dx.doi.org/10.5257/census/aggregate-2011-1
File ‘ethnicities.Rd’:
http://dx.doi.org/10.5257/census/aggregate-2011-1
Flavor: r-devel-linux-x86_64-debian-gcc
Version: 1.0.1
Check: examples
Result: NOTE
Examples with CPU (user + system) or elapsed time > 5s
user system elapsed
residuals.index 4.214 0.105 5.807
Flavor: r-devel-linux-x86_64-debian-gcc
Version: 1.0.1
Check: dependencies in R code
Result: NOTE
Namespace in Imports field not imported from: ‘nlme’
All declared Imports should be used.
Flavors: r-devel-linux-x86_64-fedora-clang, r-devel-linux-x86_64-fedora-gcc