Last updated on 2024-05-06 02:52:31 CEST.
Flavor | Version | Tinstall | Tcheck | Ttotal | Status | Flags |
---|---|---|---|---|---|---|
r-devel-linux-x86_64-debian-clang | 1.0.1 | 8.20 | 111.53 | 119.73 | OK | |
r-devel-linux-x86_64-debian-gcc | 1.0.1 | 6.61 | 82.68 | 89.29 | OK | |
r-devel-linux-x86_64-fedora-clang | 1.0.1 | 144.38 | NOTE | |||
r-devel-linux-x86_64-fedora-gcc | 1.0.1 | 155.36 | NOTE | |||
r-devel-windows-x86_64 | 1.0.1 | 10.00 | 107.00 | 117.00 | OK | |
r-patched-linux-x86_64 | 1.0.1 | 6.21 | 109.25 | 115.46 | OK | |
r-release-linux-x86_64 | 1.0.1 | 6.61 | 108.51 | 115.12 | OK | |
r-release-macos-arm64 | 1.0.1 | 69.00 | OK | |||
r-release-windows-x86_64 | 1.0.1 | 10.00 | 107.00 | 117.00 | OK | |
r-oldrel-macos-arm64 | 1.0.1 | 63.00 | OK | |||
r-oldrel-macos-x86_64 | 1.0.1 | 91.00 | OK | |||
r-oldrel-windows-x86_64 | 1.0.1 | 14.00 | 125.00 | 139.00 | OK |
Version: 1.0.1
Check: dependencies in R code
Result: NOTE
Namespace in Imports field not imported from: ‘nlme’
All declared Imports should be used.
Flavors: r-devel-linux-x86_64-fedora-clang, r-devel-linux-x86_64-fedora-gcc