CRAN Package Check Results for Package MLmetrics

Last updated on 2022-07-04 02:53:36 CEST.

Flavor Version Tinstall Tcheck Ttotal Status Flags
r-devel-linux-x86_64-debian-clang 1.1.1 2.67 25.08 27.75 NOTE
r-devel-linux-x86_64-debian-gcc 1.1.1 2.16 19.83 21.99 NOTE
r-devel-linux-x86_64-fedora-clang 1.1.1 46.79 WARN
r-devel-linux-x86_64-fedora-gcc 1.1.1 44.27 WARN
r-devel-windows-x86_64 1.1.1 30.00 53.00 83.00 NOTE
r-patched-linux-x86_64 1.1.1 3.02 24.81 27.83 NOTE
r-release-linux-x86_64 1.1.1 2.69 24.49 27.18 NOTE
r-release-macos-arm64 1.1.1 15.00 NOTE
r-release-macos-x86_64 1.1.1 24.00 NOTE
r-release-windows-x86_64 1.1.1 35.00 53.00 88.00 NOTE
r-oldrel-macos-arm64 1.1.1 20.00 NOTE
r-oldrel-macos-x86_64 1.1.1 29.00 NOTE
r-oldrel-windows-ix86+x86_64 1.1.1 5.00 46.00 51.00 NOTE

Check Details

Version: 1.1.1
Check: LazyData
Result: NOTE
     'LazyData' is specified without a 'data' directory
Flavors: r-devel-linux-x86_64-debian-clang, r-devel-linux-x86_64-debian-gcc, r-devel-linux-x86_64-fedora-clang, r-devel-linux-x86_64-fedora-gcc, r-devel-windows-x86_64, r-patched-linux-x86_64, r-release-linux-x86_64, r-release-macos-arm64, r-release-macos-x86_64, r-release-windows-x86_64, r-oldrel-macos-arm64, r-oldrel-macos-x86_64, r-oldrel-windows-ix86+x86_64

Version: 1.1.1
Check: package dependencies
Result: WARN
    Requires (indirectly) orphaned package: ‘gtools’
Flavors: r-devel-linux-x86_64-fedora-clang, r-devel-linux-x86_64-fedora-gcc

Version: 1.1.1
Check: dependencies in R code
Result: NOTE
    Namespace in Imports field not imported from: ‘utils’
     All declared Imports should be used.
Flavors: r-devel-linux-x86_64-fedora-clang, r-devel-linux-x86_64-fedora-gcc, r-release-macos-arm64, r-release-macos-x86_64, r-oldrel-macos-arm64, r-oldrel-macos-x86_64