Last updated on 2024-05-02 01:57:05 CEST.
Flavor | Version | Tinstall | Tcheck | Ttotal | Status | Flags |
---|---|---|---|---|---|---|
r-devel-linux-x86_64-debian-clang | 3.0.2 | 96.84 | 105.21 | 202.05 | OK | |
r-devel-linux-x86_64-debian-gcc | 3.0.2 | 83.43 | 81.53 | 164.96 | OK | |
r-devel-linux-x86_64-fedora-clang | 3.0.2 | 240.96 | OK | |||
r-devel-linux-x86_64-fedora-gcc | 3.0.2 | 278.91 | OK | |||
r-devel-windows-x86_64 | 3.0.2 | 65.00 | 111.00 | 176.00 | OK | |
r-patched-linux-x86_64 | 3.0.2 | 97.10 | 105.50 | 202.60 | OK | |
r-release-linux-x86_64 | 3.0.2 | 99.41 | 105.53 | 204.94 | OK | |
r-release-macos-arm64 | 3.0.2 | 63.00 | NOTE | |||
r-release-windows-x86_64 | 3.0.2 | 66.00 | 108.00 | 174.00 | OK | |
r-oldrel-macos-arm64 | 3.0.2 | 73.00 | NOTE | |||
r-oldrel-macos-x86_64 | 3.0.2 | 115.00 | NOTE | |||
r-oldrel-windows-x86_64 | 3.0.2 | 84.00 | 133.00 | 217.00 | OK |
Version: 3.0.2
Check: installed package size
Result: NOTE
installed size is 28.5Mb
sub-directories of 1Mb or more:
libs 27.8Mb
Flavors: r-release-macos-arm64, r-oldrel-macos-arm64, r-oldrel-macos-x86_64