Last updated on 2022-07-02 01:49:00 CEST.
Flavor | Version | Tinstall | Tcheck | Ttotal | Status | Flags |
---|---|---|---|---|---|---|
r-devel-linux-x86_64-debian-clang | 0.8.0 | 44.60 | 61.73 | 106.33 | NOTE | |
r-devel-linux-x86_64-debian-gcc | 0.8.0 | 37.16 | 45.81 | 82.97 | NOTE | |
r-devel-linux-x86_64-fedora-clang | 0.8.0 | 163.36 | NOTE | |||
r-devel-linux-x86_64-fedora-gcc | 0.8.0 | 142.16 | NOTE | |||
r-devel-windows-x86_64 | 0.8.0 | 38.00 | 100.00 | 138.00 | NOTE | |
r-patched-linux-x86_64 | 0.8.0 | 38.14 | 58.18 | 96.32 | NOTE | |
r-release-linux-x86_64 | 0.8.0 | 40.89 | 58.78 | 99.67 | NOTE | |
r-release-macos-arm64 | 0.8.0 | 42.00 | NOTE | |||
r-release-macos-x86_64 | 0.8.0 | 72.00 | NOTE | |||
r-release-windows-x86_64 | 0.8.0 | 40.00 | 102.00 | 142.00 | NOTE | |
r-oldrel-macos-arm64 | 0.8.0 | 44.00 | NOTE | |||
r-oldrel-macos-x86_64 | 0.8.0 | 65.00 | NOTE | |||
r-oldrel-windows-ix86+x86_64 | 0.8.0 | 111.00 | 118.00 | 229.00 | NOTE |
Version: 0.8.0
Check: LazyData
Result: NOTE
'LazyData' is specified without a 'data' directory
Flavors: r-devel-linux-x86_64-debian-clang, r-devel-linux-x86_64-debian-gcc, r-devel-linux-x86_64-fedora-clang, r-devel-linux-x86_64-fedora-gcc, r-devel-windows-x86_64, r-patched-linux-x86_64, r-release-linux-x86_64, r-release-macos-arm64, r-release-macos-x86_64, r-release-windows-x86_64, r-oldrel-macos-arm64, r-oldrel-macos-x86_64, r-oldrel-windows-ix86+x86_64