Last updated on 2024-03-29 01:51:11 CET.
Flavor | Version | Tinstall | Tcheck | Ttotal | Status | Flags |
---|---|---|---|---|---|---|
r-devel-linux-x86_64-debian-clang | 1.1.0 | 21.33 | 303.17 | 324.50 | NOTE | |
r-devel-linux-x86_64-debian-gcc | 1.1.0 | 18.47 | 235.63 | 254.10 | NOTE | |
r-devel-linux-x86_64-fedora-clang | 1.1.0 | 412.50 | NOTE | |||
r-devel-linux-x86_64-fedora-gcc | 1.1.0 | 408.77 | NOTE | |||
r-devel-windows-x86_64 | 1.1.0 | 23.00 | 422.00 | 445.00 | NOTE | |
r-patched-linux-x86_64 | 1.1.0 | 21.18 | 302.78 | 323.96 | NOTE | |
r-release-linux-x86_64 | 1.1.0 | 22.44 | 303.71 | 326.15 | NOTE | |
r-release-macos-arm64 | 1.1.0 | 124.00 | ERROR | |||
r-release-macos-x86_64 | 1.1.0 | 316.00 | ERROR | |||
r-release-windows-x86_64 | 1.1.0 | 30.00 | 565.00 | 595.00 | NOTE | |
r-oldrel-macos-arm64 | 1.1.0 | 11.00 | ERROR | |||
r-oldrel-windows-x86_64 | 1.1.0 | 32.00 | 538.00 | 570.00 | NOTE |
Version: 1.1.0
Check: package dependencies
Result: NOTE
Package suggested but not available for checking: ‘ArchR’
Flavors: r-devel-linux-x86_64-debian-clang, r-devel-linux-x86_64-debian-gcc, r-patched-linux-x86_64, r-release-linux-x86_64
Version: 1.1.0
Check: package dependencies
Result: NOTE
Packages suggested but not available for checking:
'ArchR', 'TxDb.Hsapiens.UCSC.hg38.refGene'
Imports includes 31 non-default packages.
Importing from so many packages makes the package vulnerable to any of
them becoming unavailable. Move as many as possible to Suggests and
use conditionally.
Flavor: r-devel-linux-x86_64-fedora-clang
Version: 1.1.0
Check: package dependencies
Result: NOTE
Packages suggested but not available for checking:
'ArchR', 'TxDb.Hsapiens.UCSC.hg38.refGene'
Flavors: r-devel-linux-x86_64-fedora-gcc, r-devel-windows-x86_64, r-release-windows-x86_64, r-oldrel-windows-x86_64
Version: 1.1.0
Check: package dependencies
Result: NOTE
Packages suggested but not available for checking:
'ArchR', 'motifmatchr', 'TxDb.Hsapiens.UCSC.hg38.refGene',
'BSgenome.Hsapiens.UCSC.hg19', 'chromVAR'
Flavors: r-release-macos-arm64, r-release-macos-x86_64
Version: 1.1.0
Check: tests
Result: ERROR
Running ‘testthat.R’ [41s/47s]
Running the tests in ‘tests/testthat.R’ failed.
Last 13 lines of output:
── Error ('test_exportOpenTiles.R:13:3'): exportDifferentials works on a 3 sample test dataset ──
Error in `.stopOnAvailablePkg(genome)`: BSgenome.Hsapiens.UCSC.hg19 package is not currently installed.
You first need to install it, which you can do with:
library(BiocManager)
install("BSgenome.Hsapiens.UCSC.hg19")
Backtrace:
▆
1. └─MOCHA::exportOpenTiles(...) at test_exportOpenTiles.R:13:3
2. └─BSgenome::getBSgenome(S4Vectors::metadata(SampleTileObject)$Genome)
3. └─BSgenome:::.getInstalledPkgnameFromGenome(genome, masked = masked)
4. └─BSgenome:::.stopOnAvailablePkg(genome)
[ FAIL 2 | WARN 14 | SKIP 23 | PASS 21 ]
Error: Test failures
Execution halted
Flavor: r-release-macos-arm64
Version: 1.1.0
Check: tests
Result: ERROR
Running ‘testthat.R’ [74s/141s]
Running the tests in ‘tests/testthat.R’ failed.
Last 13 lines of output:
── Error ('test_exportOpenTiles.R:13:3'): exportDifferentials works on a 3 sample test dataset ──
Error in `.stopOnAvailablePkg(genome)`: BSgenome.Hsapiens.UCSC.hg19 package is not currently installed.
You first need to install it, which you can do with:
library(BiocManager)
install("BSgenome.Hsapiens.UCSC.hg19")
Backtrace:
▆
1. └─MOCHA::exportOpenTiles(...) at test_exportOpenTiles.R:13:3
2. └─BSgenome::getBSgenome(S4Vectors::metadata(SampleTileObject)$Genome)
3. └─BSgenome:::.getInstalledPkgnameFromGenome(genome, masked = masked)
4. └─BSgenome:::.stopOnAvailablePkg(genome)
[ FAIL 2 | WARN 14 | SKIP 23 | PASS 21 ]
Error: Test failures
Execution halted
Flavor: r-release-macos-x86_64
Version: 1.1.0
Check: package dependencies
Result: ERROR
Packages required but not available:
'plyranges', 'RaggedExperiment', 'MultiAssayExperiment', 'ggbio'
Packages suggested but not available for checking:
'ArchR', 'motifmatchr', 'TxDb.Hsapiens.UCSC.hg38.refGene',
'BSgenome.Hsapiens.UCSC.hg19', 'chromVAR'
See section ‘The DESCRIPTION file’ in the ‘Writing R Extensions’
manual.
Flavor: r-oldrel-macos-arm64