Last updated on 2025-05-06 02:50:25 CEST.
Flavor | Version | Tinstall | Tcheck | Ttotal | Status | Flags |
---|---|---|---|---|---|---|
r-devel-linux-x86_64-debian-clang | 0.2 | 5.46 | 43.55 | 49.01 | NOTE | |
r-devel-linux-x86_64-debian-gcc | 0.2 | 4.21 | 31.01 | 35.22 | NOTE | |
r-devel-linux-x86_64-fedora-clang | 0.2 | 77.92 | OK | |||
r-devel-linux-x86_64-fedora-gcc | 0.2 | 73.89 | OK | |||
r-devel-windows-x86_64 | 0.2 | 7.00 | 58.00 | 65.00 | OK | |
r-patched-linux-x86_64 | 0.2 | 5.51 | 41.33 | 46.84 | OK | |
r-release-linux-x86_64 | 0.2 | 5.67 | 41.34 | 47.01 | OK | |
r-release-macos-arm64 | 0.2 | 25.00 | OK | |||
r-release-macos-x86_64 | 0.2 | 42.00 | OK | |||
r-release-windows-x86_64 | 0.2 | 6.00 | 62.00 | 68.00 | OK | |
r-oldrel-macos-arm64 | 0.2 | 23.00 | OK | |||
r-oldrel-macos-x86_64 | 0.2 | 35.00 | OK | |||
r-oldrel-windows-x86_64 | 0.2 | 9.00 | 70.00 | 79.00 | OK |
Version: 0.2
Check: CRAN incoming feasibility
Result: NOTE
Maintainer: ‘Ruizhe Hou <houruizhe1210@gmail.com>’
No Authors@R field in DESCRIPTION.
Please add one, modifying
Authors@R: c(person(given = "Ruizhe",
family = "Hou",
role = c("aut", "cre"),
email = "houruizhe1210@gmail.com"),
person(given = "Lu",
family = "Lu",
role = "aut"))
as necessary.
Flavors: r-devel-linux-x86_64-debian-clang, r-devel-linux-x86_64-debian-gcc