Last updated on 2024-04-24 01:52:17 CEST.
Flavor | Version | Tinstall | Tcheck | Ttotal | Status | Flags |
---|---|---|---|---|---|---|
r-devel-linux-x86_64-debian-clang | 0.2.2 | 6.04 | 269.90 | 275.94 | NOTE | |
r-devel-linux-x86_64-debian-gcc | 0.2.2 | 5.01 | 238.12 | 243.13 | NOTE | |
r-devel-linux-x86_64-fedora-clang | 0.2.2 | 343.16 | NOTE | |||
r-devel-linux-x86_64-fedora-gcc | 0.2.2 | 430.08 | NOTE | |||
r-prerel-macos-arm64 | 0.2.2 | 151.00 | NOTE | |||
r-prerel-windows-x86_64 | 0.2.2 | 6.00 | 300.00 | 306.00 | NOTE | |
r-patched-linux-x86_64 | 0.2.2 | 6.17 | 318.52 | 324.69 | NOTE | |
r-release-linux-x86_64 | 0.2.2 | 5.11 | 320.38 | 325.49 | OK | |
r-release-macos-arm64 | 0.2.2 | 170.00 | OK | |||
r-release-macos-x86_64 | 0.2.2 | 257.00 | OK | |||
r-release-windows-x86_64 | 0.2.2 | 8.00 | 338.00 | 346.00 | OK | |
r-oldrel-macos-arm64 | 0.2.2 | 153.00 | OK | |||
r-oldrel-windows-x86_64 | 0.2.2 | 8.00 | 339.00 | 347.00 | OK |
Version: 0.2.2
Check: package dependencies
Result: NOTE
Package suggested but not available for checking: ‘annotate’
Flavors: r-devel-linux-x86_64-debian-clang, r-devel-linux-x86_64-debian-gcc
Version: 0.2.2
Check: Rd files
Result: NOTE
checkRd: (-1) ssvdEN_sol_path.Rd:58: Lost braces; missing escapes or markup?
58 | \item{tol}{Convergence is determined when ||U_j - U_{j-1}||_F < tol,
| ^
checkRd: (-1) ssvdEN_sol_path_par.Rd:59: Lost braces; missing escapes or markup?
59 | \item{tol}{Convergence is determined when ||U_j - U_{j-1}||_F < tol,
| ^
Flavors: r-devel-linux-x86_64-debian-clang, r-devel-linux-x86_64-debian-gcc, r-devel-linux-x86_64-fedora-clang, r-devel-linux-x86_64-fedora-gcc, r-prerel-macos-arm64, r-prerel-windows-x86_64, r-patched-linux-x86_64