CRAN Package Check Results for Package MPTinR

Last updated on 2022-05-27 02:50:20 CEST.

Flavor Version Tinstall Tcheck Ttotal Status Flags
r-devel-linux-x86_64-debian-clang 1.14.1 60.77 199.84 260.61 OK
r-devel-linux-x86_64-debian-gcc 1.14.1 50.13 170.42 220.55 OK
r-devel-linux-x86_64-fedora-clang 1.14.1 326.36 NOTE
r-devel-linux-x86_64-fedora-gcc 1.14.1 313.31 OK
r-devel-windows-x86_64 1.14.1 60.00 265.00 325.00 OK
r-patched-linux-x86_64 1.14.1 57.59 196.32 253.91 OK
r-release-linux-x86_64 1.14.1 53.88 190.46 244.34 OK
r-release-macos-arm64 1.14.1 85.00 NOTE
r-release-macos-x86_64 1.14.1 108.00 NOTE
r-release-windows-x86_64 1.14.1 63.00 276.00 339.00 OK
r-oldrel-macos-arm64 1.14.1 106.00 NOTE
r-oldrel-macos-x86_64 1.14.1 102.00 NOTE
r-oldrel-windows-ix86+x86_64 1.14.1 132.00 283.00 415.00 OK

Check Details

Version: 1.14.1
Check: installed package size
Result: NOTE
     installed size is 9.5Mb
     sub-directories of 1Mb or more:
     libs 8.3Mb
Flavors: r-devel-linux-x86_64-fedora-clang, r-release-macos-arm64, r-release-macos-x86_64, r-oldrel-macos-arm64, r-oldrel-macos-x86_64