CRAN Package Check Results for Package MSEtool

Last updated on 2020-01-24 19:48:36 CET.

Flavor Version Tinstall Tcheck Ttotal Status Flags
r-devel-linux-x86_64-debian-clang 1.4.3 170.91 245.65 416.56 OK
r-devel-linux-x86_64-debian-gcc 1.4.3 171.48 183.83 355.31 OK
r-devel-linux-x86_64-fedora-clang 1.4.3 534.06 WARN
r-devel-linux-x86_64-fedora-gcc 1.4.3 580.62 OK
r-devel-windows-ix86+x86_64 1.4.3 338.00 417.00 755.00 NOTE
r-devel-windows-ix86+x86_64-gcc8 1.4.3 367.00 421.00 788.00 NOTE
r-patched-linux-x86_64 1.4.3 153.30 215.18 368.48 OK
r-patched-solaris-x86 1.4.3 515.80 OK
r-release-linux-x86_64 1.4.3 153.43 213.36 366.79 OK
r-release-windows-ix86+x86_64 1.4.3 254.00 262.00 516.00 NOTE
r-release-osx-x86_64 1.4.3 NOTE
r-oldrel-windows-ix86+x86_64 1.4.3 210.00 245.00 455.00 NOTE
r-oldrel-osx-x86_64 1.4.3 NOTE

Check Details

Version: 1.4.3
Check: package dependencies
Result: WARN
    Requires orphaned package: ‘gplots’
Flavor: r-devel-linux-x86_64-fedora-clang

Version: 1.4.3
Check: installed package size
Result: NOTE
     installed size is 27.6Mb
     sub-directories of 1Mb or more:
     R 1.4Mb
     doc 1.1Mb
     libs 24.7Mb
Flavors: r-devel-linux-x86_64-fedora-clang, r-devel-windows-ix86+x86_64, r-devel-windows-ix86+x86_64-gcc8, r-release-windows-ix86+x86_64, r-release-osx-x86_64, r-oldrel-windows-ix86+x86_64, r-oldrel-osx-x86_64