Last updated on 2024-04-19 01:58:50 CEST.
Flavor | Version | Tinstall | Tcheck | Ttotal | Status | Flags |
---|---|---|---|---|---|---|
r-devel-linux-x86_64-debian-clang | 2.51 | 394.78 | 447.46 | 842.24 | OK | |
r-devel-linux-x86_64-debian-gcc | 2.51 | 355.11 | 324.52 | 679.63 | OK | |
r-devel-linux-x86_64-fedora-clang | 2.51 | 1115.34 | NOTE | |||
r-devel-linux-x86_64-fedora-gcc | 2.51 | 1217.90 | OK | |||
r-prerel-macos-arm64 | 2.51 | 204.00 | NOTE | |||
r-prerel-windows-x86_64 | 2.51 | 302.00 | 336.00 | 638.00 | NOTE | |
r-patched-linux-x86_64 | 2.51 | 418.75 | 424.02 | 842.77 | OK | |
r-release-linux-x86_64 | 2.51 | 426.40 | 435.65 | 862.05 | OK | |
r-release-macos-arm64 | 2.51 | 255.00 | NOTE | |||
r-release-macos-x86_64 | 2.51 | 473.00 | NOTE | |||
r-release-windows-x86_64 | 2.51 | 407.00 | 469.00 | 876.00 | NOTE | |
r-oldrel-macos-arm64 | 2.51 | 261.00 | NOTE | |||
r-oldrel-windows-x86_64 | 2.51 | 377.00 | 426.00 | 803.00 | NOTE |
Version: 2.51
Check: installed package size
Result: NOTE
installed size is 6.7Mb
sub-directories of 1Mb or more:
libs 6.2Mb
Flavors: r-devel-linux-x86_64-fedora-clang, r-prerel-macos-arm64, r-prerel-windows-x86_64, r-release-macos-arm64, r-release-macos-x86_64, r-release-windows-x86_64, r-oldrel-macos-arm64, r-oldrel-windows-x86_64