Last updated on 2024-04-20 01:50:03 CEST.
Flavor | Version | Tinstall | Tcheck | Ttotal | Status | Flags |
---|---|---|---|---|---|---|
r-devel-linux-x86_64-debian-clang | 3.0 | 35.80 | 156.33 | 192.13 | OK | |
r-devel-linux-x86_64-debian-gcc | 3.0 | OK | ||||
r-devel-linux-x86_64-fedora-clang | 3.0 | 234.86 | NOTE | |||
r-devel-linux-x86_64-fedora-gcc | 3.0 | 219.11 | NOTE | |||
r-prerel-macos-arm64 | 3.0 | 55.00 | OK | |||
r-prerel-windows-x86_64 | 3.0 | 29.00 | 104.00 | 133.00 | OK | |
r-patched-linux-x86_64 | 3.0 | 22.27 | 147.19 | 169.46 | OK | |
r-release-linux-x86_64 | 3.0 | 28.36 | 146.09 | 174.45 | OK | |
r-release-macos-arm64 | 3.0 | 60.00 | OK | |||
r-release-macos-x86_64 | 3.0 | 93.00 | OK | |||
r-release-windows-x86_64 | 3.0 | 35.00 | 137.00 | 172.00 | OK | |
r-oldrel-macos-arm64 | 3.0 | 53.00 | NOTE | |||
r-oldrel-windows-x86_64 | 3.0 | 37.00 | 139.00 | 176.00 | OK |
Version: 3.0
Check: dependencies in R code
Result: NOTE
Namespaces in Imports field not imported from:
‘datasets’ ‘grDevices’ ‘graphics’ ‘iterators’ ‘methods’
All declared Imports should be used.
Flavors: r-devel-linux-x86_64-fedora-clang, r-devel-linux-x86_64-fedora-gcc, r-oldrel-macos-arm64