Last updated on 2024-05-05 01:55:23 CEST.
Flavor | Version | Tinstall | Tcheck | Ttotal | Status | Flags |
---|---|---|---|---|---|---|
r-devel-linux-x86_64-debian-clang | 1.0.2 | 0.54 | 2.25 | 2.79 | ERROR | |
r-devel-linux-x86_64-debian-gcc | 1.0.2 | 30.89 | 234.86 | 265.75 | OK | |
r-devel-linux-x86_64-fedora-clang | 1.0.2 | 478.48 | OK | |||
r-devel-linux-x86_64-fedora-gcc | 1.0.2 | 429.13 | OK | |||
r-devel-windows-x86_64 | 1.0.2 | 35.00 | 292.00 | 327.00 | OK | |
r-patched-linux-x86_64 | 1.0.2 | 22.96 | 298.38 | 321.34 | OK | |
r-release-linux-x86_64 | 1.0.2 | 24.92 | 303.35 | 328.27 | OK | |
r-release-macos-arm64 | 1.0.2 | 109.00 | OK | |||
r-release-macos-x86_64 | 1.0.2 | 233.00 | OK | |||
r-release-windows-x86_64 | 1.0.2 | 34.00 | 232.00 | 266.00 | OK | |
r-oldrel-macos-arm64 | 1.0.2 | 133.00 | OK | |||
r-oldrel-macos-x86_64 | 1.0.2 | 215.00 | OK | |||
r-oldrel-windows-x86_64 | 1.0.2 | 45.00 | 305.00 | 350.00 | OK |
Version: 1.0.2
Check: package dependencies
Result: ERROR
Package required but not available: ‘biomaRt’
See section ‘The DESCRIPTION file’ in the ‘Writing R Extensions’
manual.
Flavor: r-devel-linux-x86_64-debian-clang