Last updated on 2024-04-23 01:57:04 CEST.
Flavor | Version | Tinstall | Tcheck | Ttotal | Status | Flags |
---|---|---|---|---|---|---|
r-devel-linux-x86_64-debian-clang | 0.7.2 | 5.45 | 108.24 | 113.69 | NOTE | |
r-devel-linux-x86_64-debian-gcc | 0.7.2 | 4.62 | 78.27 | 82.89 | NOTE | |
r-devel-linux-x86_64-fedora-clang | 0.7.2 | 140.04 | NOTE | |||
r-devel-linux-x86_64-fedora-gcc | 0.7.2 | 157.76 | NOTE | |||
r-prerel-macos-arm64 | 0.7.2 | 52.00 | NOTE | |||
r-prerel-windows-x86_64 | 0.7.2 | 7.00 | 94.00 | 101.00 | NOTE | |
r-patched-linux-x86_64 | 0.7.2 | 4.04 | 100.20 | 104.24 | NOTE | |
r-release-linux-x86_64 | 0.7.2 | 6.68 | 103.73 | 110.41 | NOTE | |
r-release-macos-arm64 | 0.7.2 | 58.00 | NOTE | |||
r-release-macos-x86_64 | 0.7.2 | 81.00 | NOTE | |||
r-release-windows-x86_64 | 0.7.2 | 8.00 | 115.00 | 123.00 | NOTE | |
r-oldrel-macos-arm64 | 0.7.2 | 33.00 | OK | |||
r-oldrel-windows-x86_64 | 0.7.2 | 8.00 | 116.00 | 124.00 | OK |
Version: 0.7.2
Check: package dependencies
Result: NOTE
Package suggested but not available for checking: ‘margins’
Flavors: r-devel-linux-x86_64-debian-clang, r-devel-linux-x86_64-debian-gcc, r-devel-linux-x86_64-fedora-clang, r-devel-linux-x86_64-fedora-gcc, r-patched-linux-x86_64, r-release-linux-x86_64
Version: 0.7.2
Check: Rd files
Result: NOTE
checkRd: (-1) mma.Rd:67: Escaped LaTeX specials: \&
Flavors: r-devel-linux-x86_64-debian-clang, r-devel-linux-x86_64-debian-gcc, r-devel-linux-x86_64-fedora-clang, r-devel-linux-x86_64-fedora-gcc, r-prerel-macos-arm64, r-prerel-windows-x86_64, r-patched-linux-x86_64, r-release-linux-x86_64, r-release-macos-arm64, r-release-macos-x86_64, r-release-windows-x86_64