CRAN Package Check Results for Package Matching

Last updated on 2022-07-06 01:50:27 CEST.

Flavor Version Tinstall Tcheck Ttotal Status Flags
r-devel-linux-x86_64-debian-clang 4.10-2 15.93 60.35 76.28 NOTE
r-devel-linux-x86_64-debian-gcc 4.10-2 11.65 46.99 58.64 NOTE
r-devel-linux-x86_64-fedora-clang 4.10-2 107.85 NOTE
r-devel-linux-x86_64-fedora-gcc 4.10-2 103.55 NOTE
r-devel-windows-x86_64 4.10-2 53.00 104.00 157.00 NOTE
r-patched-linux-x86_64 4.10-2 14.97 57.51 72.48 OK
r-release-linux-x86_64 4.10-2 14.24 57.17 71.41 OK
r-release-macos-arm64 4.10-2 33.00 OK
r-release-macos-x86_64 4.10-2 43.00 OK
r-release-windows-x86_64 4.10-2 197.00 105.00 302.00 OK
r-oldrel-macos-arm64 4.10-2 25.00 OK
r-oldrel-macos-x86_64 4.10-2 40.00 OK
r-oldrel-windows-ix86+x86_64 4.10-2 43.00 116.00 159.00 OK

Check Details

Version: 4.10-2
Check: Rd files
Result: NOTE
    checkRd: (-1) GerberGreenImai.Rd:22: Escaped LaTeX specials: \#
    checkRd: (-1) GerberGreenImai.Rd:31: Escaped LaTeX specials: \#
    checkRd: (-1) GerberGreenImai.Rd:34: Escaped LaTeX specials: \#
    checkRd: (-1) GerberGreenImai.Rd:35: Escaped LaTeX specials: \#
Flavors: r-devel-linux-x86_64-debian-clang, r-devel-linux-x86_64-debian-gcc, r-devel-linux-x86_64-fedora-clang, r-devel-linux-x86_64-fedora-gcc, r-devel-windows-x86_64