CRAN Package Check Results for Package MatrixModels

Last updated on 2020-01-22 15:49:05 CET.

Flavor Version Tinstall Tcheck Ttotal Status Flags
r-devel-linux-x86_64-debian-clang 0.4-1 15.07 69.46 84.53 WARN
r-devel-linux-x86_64-debian-gcc 0.4-1 11.23 53.81 65.04 WARN
r-devel-linux-x86_64-fedora-clang 0.4-1 99.46 WARN
r-devel-linux-x86_64-fedora-gcc 0.4-1 98.33 WARN
r-devel-windows-ix86+x86_64 0.4-1 33.00 78.00 111.00 WARN
r-devel-windows-ix86+x86_64-gcc8 0.4-1 31.00 103.00 134.00 WARN
r-patched-linux-x86_64 0.4-1 9.25 58.55 67.80 OK
r-patched-solaris-x86 0.4-1 129.60 OK
r-release-linux-x86_64 0.4-1 9.33 59.80 69.13 OK
r-release-windows-ix86+x86_64 0.4-1 18.00 95.00 113.00 OK
r-release-osx-x86_64 0.4-1 OK
r-oldrel-windows-ix86+x86_64 0.4-1 12.00 87.00 99.00 OK
r-oldrel-osx-x86_64 0.4-1 OK

Check Details

Version: 0.4-1
Check: whether package can be installed
Result: WARN
    Found the following significant warnings:
     Warning: unable to find a consistent ordering of superclasses for class "dsparseModelMatrix": order chosen is inconsistent with the superclasses of "sparseModelMatrix"
Flavors: r-devel-linux-x86_64-debian-clang, r-devel-linux-x86_64-debian-gcc, r-devel-linux-x86_64-fedora-clang, r-devel-linux-x86_64-fedora-gcc, r-devel-windows-ix86+x86_64, r-devel-windows-ix86+x86_64-gcc8