Last updated on 2024-04-18 01:55:23 CEST.
Flavor | Version | Tinstall | Tcheck | Ttotal | Status | Flags |
---|---|---|---|---|---|---|
r-devel-linux-x86_64-debian-clang | 1.1.0 | 64.31 | 501.29 | 565.60 | OK | |
r-devel-linux-x86_64-debian-gcc | 1.1.0 | 56.55 | 384.93 | 441.48 | OK | |
r-devel-linux-x86_64-fedora-clang | 1.1.0 | 716.75 | OK | |||
r-devel-linux-x86_64-fedora-gcc | 1.1.0 | 757.29 | OK | |||
r-prerel-macos-arm64 | 1.1.0 | 150.00 | NOTE | |||
r-prerel-macos-x86_64 | 1.1.0 | 293.00 | NOTE | |||
r-prerel-windows-x86_64 | 1.1.0 | 60.00 | 393.00 | 453.00 | OK | |
r-patched-linux-x86_64 | 1.1.0 | 58.36 | 478.88 | 537.24 | OK | |
r-release-linux-x86_64 | 1.1.0 | 46.32 | 497.39 | 543.71 | OK | |
r-release-macos-arm64 | 1.1.0 | 223.00 | OK | |||
r-release-macos-x86_64 | 1.1.0 | 407.00 | OK | |||
r-release-windows-x86_64 | 1.1.0 | 75.00 | 533.00 | 608.00 | OK | |
r-oldrel-macos-arm64 | 1.1.0 | 205.00 | OK | |||
r-oldrel-windows-x86_64 | 1.1.0 | 72.00 | 504.00 | 576.00 | OK |
Version: 1.1.0
Check: package dependencies
Result: NOTE
Package suggested but not available for checking: ‘TxDb.Hsapiens.UCSC.hg19.knownGene’
Flavors: r-prerel-macos-arm64, r-prerel-macos-x86_64